CRAN Package Check Results for Package iq

Last updated on 2021-09-28 06:48:27 CEST.

Flavor Version Tinstall Tcheck Ttotal Status Flags
r-devel-linux-x86_64-debian-clang 1.9.1 18.48 33.94 52.42 OK
r-devel-linux-x86_64-debian-gcc 1.9.1 13.95 26.79 40.74 OK
r-devel-linux-x86_64-fedora-clang 1.9.1 79.39 NOTE
r-devel-linux-x86_64-fedora-gcc 1.9.1 65.54 OK
r-devel-windows-x86_64 1.9.1 19.00 43.00 62.00 OK
r-devel-windows-x86_64-gcc10-UCRT 1.9.1 OK
r-patched-linux-x86_64 1.9.1 17.64 33.35 50.99 OK
r-patched-solaris-x86 1.9.1 109.30 OK
r-release-linux-x86_64 1.9.1 16.78 33.65 50.43 OK
r-release-macos-arm64 1.9.1 NOTE
r-release-macos-x86_64 1.9.1 NOTE
r-release-windows-ix86+x86_64 1.9.1 34.00 58.00 92.00 OK
r-oldrel-macos-x86_64 1.9.1 NOTE
r-oldrel-windows-ix86+x86_64 1.9.1 29.00 58.00 87.00 OK

Check Details

Version: 1.9.1
Check: installed package size
Result: NOTE
     installed size is 6.2Mb
     sub-directories of 1Mb or more:
     libs 5.6Mb
Flavors: r-devel-linux-x86_64-fedora-clang, r-release-macos-arm64, r-release-macos-x86_64, r-oldrel-macos-x86_64