CRAN Package Check Results for Package irr

Last updated on 2021-09-20 07:50:39 CEST.

Flavor Version Tinstall Tcheck Ttotal Status Flags
r-devel-linux-x86_64-debian-clang 0.84.1 5.14 34.97 40.11 OK
r-devel-linux-x86_64-debian-gcc 0.84.1 3.11 26.93 30.04 OK
r-devel-linux-x86_64-fedora-clang 0.84.1 56.03 OK
r-devel-linux-x86_64-fedora-gcc 0.84.1 45.27 OK
r-devel-windows-x86_64 0.84.1 6.00 40.00 46.00 OK
r-devel-windows-x86_64-gcc10-UCRT 0.84.1 ERROR
r-patched-linux-x86_64 0.84.1 4.71 33.98 38.69 OK
r-patched-solaris-x86 0.84.1 69.80 OK
r-release-linux-x86_64 0.84.1 3.92 33.83 37.75 OK
r-release-macos-arm64 0.84.1 OK
r-release-macos-x86_64 0.84.1 OK
r-release-windows-ix86+x86_64 0.84.1 9.00 40.00 49.00 OK
r-oldrel-macos-x86_64 0.84.1 OK
r-oldrel-windows-ix86+x86_64 0.84.1 6.00 40.00 46.00 OK

Check Details

Version: 0.84.1
Check: whether package can be installed
Result: WARN
    Found the following significant warnings:
     WARNING: installation-time patches will not be applied, could not get the patches index
Flavor: r-devel-windows-x86_64-gcc10-UCRT

Version: 0.84.1
Check: PDF version of manual
Result: WARN
    LaTeX errors when creating PDF version.
    This typically indicates Rd problems.
Flavor: r-devel-windows-x86_64-gcc10-UCRT

Version: 0.84.1
Check: PDF version of manual without hyperrefs or index
Result: ERROR
    Re-running with no redirection of stdout/stderr.
Flavor: r-devel-windows-x86_64-gcc10-UCRT