CRAN Package Check Results for Package ivpack

Last updated on 2021-09-21 06:48:29 CEST.

Flavor Version Tinstall Tcheck Ttotal Status Flags
r-devel-linux-x86_64-debian-clang 1.2 9.71 86.93 96.64 NOTE
r-devel-linux-x86_64-debian-gcc 1.2 7.88 65.67 73.55 NOTE
r-devel-linux-x86_64-fedora-clang 1.2 122.64 NOTE
r-devel-linux-x86_64-fedora-gcc 1.2 109.54 NOTE
r-devel-windows-x86_64 1.2 12.00 82.00 94.00 NOTE
r-devel-windows-x86_64-gcc10-UCRT 1.2 ERROR
r-patched-linux-x86_64 1.2 8.50 80.70 89.20 NOTE
r-patched-solaris-x86 1.2 168.30 NOTE
r-release-linux-x86_64 1.2 11.15 81.33 92.48 NOTE
r-release-macos-arm64 1.2 NOTE
r-release-macos-x86_64 1.2 NOTE
r-release-windows-ix86+x86_64 1.2 25.00 86.00 111.00 NOTE
r-oldrel-macos-x86_64 1.2 NOTE
r-oldrel-windows-ix86+x86_64 1.2 24.00 79.00 103.00 NOTE

Check Details

Version: 1.2
Check: DESCRIPTION meta-information
Result: NOTE
    Malformed Title field: should not end in a period.
Flavors: r-devel-linux-x86_64-debian-clang, r-devel-linux-x86_64-debian-gcc, r-devel-linux-x86_64-fedora-clang, r-devel-linux-x86_64-fedora-gcc, r-devel-windows-x86_64, r-devel-windows-x86_64-gcc10-UCRT, r-patched-linux-x86_64, r-patched-solaris-x86, r-release-linux-x86_64, r-release-macos-arm64, r-release-macos-x86_64, r-release-windows-ix86+x86_64, r-oldrel-macos-x86_64, r-oldrel-windows-ix86+x86_64

Version: 1.2
Check: R code for possible problems
Result: NOTE
    ARsensitivity.ci: no visible global function definition for 'residuals'
    ARsensitivity.ci: no visible global function definition for 'lm'
    ARsensitivity.ci: no visible global function definition for 'qf'
    ARsensitivity.ci: no visible global function definition for 'fitted'
    ARsensitivity.power: no visible global function definition for 'qf'
    ARsensitivity.power: no visible global function definition for 'pf'
    ARsensitivity.size: no visible global function definition for 'qf'
    ARsensitivity.size: no visible global function definition for 'pf'
    anderson.rubin.ci: no visible global function definition for 'qf'
    anderson.rubin.ci: no visible global function definition for 'fitted'
    anderson.rubin.ci: no visible global function definition for 'lm'
    power.iv: no visible global function definition for 'qf'
    power.iv: no visible global function definition for 'pf'
    Undefined global functions or variables:
     fitted lm pf qf residuals
    Consider adding
     importFrom("stats", "fitted", "lm", "pf", "qf", "residuals")
    to your NAMESPACE file.
Flavors: r-devel-linux-x86_64-debian-clang, r-devel-linux-x86_64-debian-gcc, r-devel-linux-x86_64-fedora-clang, r-devel-linux-x86_64-fedora-gcc, r-devel-windows-x86_64, r-devel-windows-x86_64-gcc10-UCRT, r-patched-linux-x86_64, r-patched-solaris-x86, r-release-linux-x86_64, r-release-macos-arm64, r-release-macos-x86_64, r-release-windows-ix86+x86_64, r-oldrel-macos-x86_64, r-oldrel-windows-ix86+x86_64

Version: 1.2
Check: whether package can be installed
Result: WARN
    Found the following significant warnings:
     WARNING: installation-time patches will not be applied, could not get the patches index
Flavor: r-devel-windows-x86_64-gcc10-UCRT

Version: 1.2
Check: PDF version of manual
Result: WARN
    LaTeX errors when creating PDF version.
    This typically indicates Rd problems.
Flavor: r-devel-windows-x86_64-gcc10-UCRT

Version: 1.2
Check: PDF version of manual without hyperrefs or index
Result: ERROR
    Re-running with no redirection of stdout/stderr.
Flavor: r-devel-windows-x86_64-gcc10-UCRT