CRAN Package Check Results for Package ivreg

Last updated on 2022-11-26 00:49:16 CET.

Flavor Version Tinstall Tcheck Ttotal Status Flags
r-devel-linux-x86_64-debian-clang 0.6-1 4.19 79.31 83.50 OK
r-devel-linux-x86_64-debian-gcc 0.6-1 4.18 59.02 63.20 OK
r-devel-linux-x86_64-fedora-clang 0.6-1 120.34 NOTE
r-devel-linux-x86_64-fedora-gcc 0.6-1 135.82 OK
r-devel-windows-x86_64 0.6-1 24.00 120.00 144.00 NOTE
r-patched-linux-x86_64 0.6-1 OK
r-release-linux-x86_64 0.6-1 4.94 72.21 77.15 OK
r-release-macos-arm64 0.6-1 34.00 NOTE
r-release-macos-x86_64 0.6-1 58.00 NOTE
r-release-windows-x86_64 0.6-1 35.00 115.00 150.00 NOTE
r-oldrel-macos-arm64 0.6-1 42.00 NOTE
r-oldrel-macos-x86_64 0.6-1 55.00 NOTE
r-oldrel-windows-ix86+x86_64 0.6-1 12.00 112.00 124.00 NOTE

Check Details

Version: 0.6-1
Check: installed package size
Result: NOTE
     installed size is 5.7Mb
     sub-directories of 1Mb or more:
     doc 5.4Mb
Flavors: r-devel-linux-x86_64-fedora-clang, r-devel-windows-x86_64, r-release-macos-arm64, r-release-macos-x86_64, r-release-windows-x86_64, r-oldrel-macos-arm64, r-oldrel-macos-x86_64, r-oldrel-windows-ix86+x86_64