CRAN Package Check Results for Package jSDM

Last updated on 2021-09-22 06:48:32 CEST.

Flavor Version Tinstall Tcheck Ttotal Status Flags
r-devel-linux-x86_64-debian-clang 0.1.0 65.00 84.48 149.48 OK
r-devel-linux-x86_64-debian-gcc 0.1.0 41.38 62.92 104.30 OK
r-devel-linux-x86_64-fedora-clang 0.1.0 202.01 NOTE
r-devel-linux-x86_64-fedora-gcc 0.1.0 178.82 NOTE
r-devel-windows-x86_64 0.1.0 59.00 102.00 161.00 OK
r-devel-windows-x86_64-gcc10-UCRT 0.1.0 ERROR
r-patched-linux-x86_64 0.1.0 52.17 79.98 132.15 OK
r-patched-solaris-x86 0.1.0 221.60 OK
r-release-linux-x86_64 0.1.0 54.12 80.20 134.32 OK
r-release-macos-arm64 0.1.0 NOTE
r-release-macos-x86_64 0.1.0 NOTE
r-release-windows-ix86+x86_64 0.1.0 149.00 138.00 287.00 OK
r-oldrel-macos-x86_64 0.1.0 NOTE
r-oldrel-windows-ix86+x86_64 0.1.0 148.00 137.00 285.00 OK

Check Details

Version: 0.1.0
Check: top-level files
Result: NOTE
    ‘cleanup’: /bin/bash is not portable
Flavors: r-devel-linux-x86_64-fedora-clang, r-devel-linux-x86_64-fedora-gcc

Version: 0.1.0
Check: whether package can be installed
Result: ERROR
    Installation failed.
Flavor: r-devel-windows-x86_64-gcc10-UCRT

Version: 0.1.0
Check: package dependencies
Result: NOTE
    Package suggested but not available for checking: ‘boral’
Flavor: r-release-macos-arm64

Version: 0.1.0
Check: installed package size
Result: NOTE
     installed size is 6.4Mb
     sub-directories of 1Mb or more:
     doc 1.5Mb
     libs 4.6Mb
Flavors: r-release-macos-arm64, r-release-macos-x86_64, r-oldrel-macos-x86_64