CRAN Package Check Results for Package jack

Last updated on 2021-09-28 06:48:27 CEST.

Flavor Version Tinstall Tcheck Ttotal Status Flags
r-devel-linux-x86_64-debian-clang 1.1.1 12.45 116.08 128.53 NOTE
r-devel-linux-x86_64-debian-gcc 1.1.1 9.84 86.01 95.85 NOTE
r-devel-linux-x86_64-fedora-clang 1.1.1 161.98 NOTE
r-devel-linux-x86_64-fedora-gcc 1.1.1 150.28 NOTE
r-devel-windows-x86_64 1.1.1 15.00 109.00 124.00 NOTE
r-devel-windows-x86_64-gcc10-UCRT 1.1.1 NOTE
r-patched-linux-x86_64 1.1.1 13.22 108.68 121.90 NOTE
r-patched-solaris-x86 1.1.1 215.80 NOTE
r-release-linux-x86_64 1.1.1 11.66 108.19 119.85 NOTE
r-release-macos-arm64 1.1.1 NOTE
r-release-macos-x86_64 1.1.1 NOTE
r-release-windows-ix86+x86_64 1.1.1 32.00 103.00 135.00 NOTE
r-oldrel-macos-x86_64 1.1.1 OK
r-oldrel-windows-ix86+x86_64 1.1.1 22.00 100.00 122.00 OK

Check Details

Version: 1.1.1
Check: LazyData
Result: NOTE
     'LazyData' is specified without a 'data' directory
Flavors: r-devel-linux-x86_64-debian-clang, r-devel-linux-x86_64-debian-gcc, r-devel-linux-x86_64-fedora-clang, r-devel-linux-x86_64-fedora-gcc, r-devel-windows-x86_64, r-devel-windows-x86_64-gcc10-UCRT, r-patched-linux-x86_64, r-patched-solaris-x86, r-release-linux-x86_64, r-release-macos-arm64, r-release-macos-x86_64, r-release-windows-ix86+x86_64