CRAN Package Check Results for Package janitor

Last updated on 2021-10-22 12:59:17 CEST.

Flavor Version Tinstall Tcheck Ttotal Status Flags
r-devel-linux-x86_64-debian-clang 2.1.0 7.94 82.57 90.51 NOTE
r-devel-linux-x86_64-debian-gcc 2.1.0 6.23 61.46 67.69 NOTE
r-devel-linux-x86_64-fedora-clang 2.1.0 117.26 NOTE
r-devel-linux-x86_64-fedora-gcc 2.1.0 104.20 NOTE
r-devel-windows-x86_64 2.1.0 12.00 113.00 125.00 WARN
r-devel-windows-x86_64-gcc10-UCRT 2.1.0 NOTE
r-patched-linux-x86_64 2.1.0 8.45 80.29 88.74 NOTE
r-patched-solaris-x86 2.1.0 144.10 NOTE
r-release-linux-x86_64 2.1.0 6.95 78.88 85.83 NOTE
r-release-macos-arm64 2.1.0 NOTE
r-release-macos-x86_64 2.1.0 NOTE
r-release-windows-ix86+x86_64 2.1.0 10.00 109.00 119.00 WARN
r-oldrel-macos-x86_64 2.1.0 OK
r-oldrel-windows-ix86+x86_64 2.1.0 18.00 133.00 151.00 WARN

Check Details

Version: 2.1.0
Check: LazyData
Result: NOTE
     'LazyData' is specified without a 'data' directory
Flavors: r-devel-linux-x86_64-debian-clang, r-devel-linux-x86_64-debian-gcc, r-devel-linux-x86_64-fedora-clang, r-devel-linux-x86_64-fedora-gcc, r-devel-windows-x86_64, r-devel-windows-x86_64-gcc10-UCRT, r-patched-linux-x86_64, r-patched-solaris-x86, r-release-linux-x86_64, r-release-macos-arm64, r-release-macos-x86_64, r-release-windows-ix86+x86_64

Version: 2.1.0
Check: re-building of vignette outputs
Result: WARN
    Error(s) in re-building vignettes:
    --- re-building 'janitor.Rmd' using rmarkdown
    
    Attaching package: 'janitor'
    
    The following objects are masked from 'package:stats':
    
     chisq.test, fisher.test
    
    pandoc.exe: Unknown extension: gfm_auto_identifiers
    Error: processing vignette 'janitor.Rmd' failed with diagnostics:
    pandoc document conversion failed with error 7
    --- failed re-building 'janitor.Rmd'
    
    --- re-building 'tabyls.Rmd' using rmarkdown
    
    Attaching package: 'dplyr'
    
    The following objects are masked from 'package:stats':
    
     filter, lag
    
    The following objects are masked from 'package:base':
    
     intersect, setdiff, setequal, union
    
    --- finished re-building 'tabyls.Rmd'
    
    SUMMARY: processing the following file failed:
     'janitor.Rmd'
    
    Error: Vignette re-building failed.
    Execution halted
Flavors: r-devel-windows-x86_64, r-release-windows-ix86+x86_64, r-oldrel-windows-ix86+x86_64

Version: 2.1.0
Check: package dependencies
Result: NOTE
    Package suggested but not available for checking: 'tidygraph'
Flavor: r-devel-windows-x86_64-gcc10-UCRT