CRAN Package Check Results for Package jjb

Last updated on 2021-09-20 07:50:40 CEST.

Flavor Version Tinstall Tcheck Ttotal Status Flags
r-devel-linux-x86_64-debian-clang 0.1.1 2.37 23.68 26.05 OK
r-devel-linux-x86_64-debian-gcc 0.1.1 1.79 18.78 20.57 OK
r-devel-linux-x86_64-fedora-clang 0.1.1 40.85 OK
r-devel-linux-x86_64-fedora-gcc 0.1.1 30.47 OK
r-devel-windows-x86_64 0.1.1 4.00 29.00 33.00 OK
r-devel-windows-x86_64-gcc10-UCRT 0.1.1 ERROR
r-patched-linux-x86_64 0.1.1 2.88 23.29 26.17 OK
r-patched-solaris-x86 0.1.1 46.30 OK
r-release-linux-x86_64 0.1.1 2.18 22.95 25.13 OK
r-release-macos-arm64 0.1.1 OK
r-release-macos-x86_64 0.1.1 OK
r-release-windows-ix86+x86_64 0.1.1 6.00 30.00 36.00 OK
r-oldrel-macos-x86_64 0.1.1 OK
r-oldrel-windows-ix86+x86_64 0.1.1 5.00 28.00 33.00 OK

Check Details

Version: 0.1.1
Check: whether package can be installed
Result: WARN
    Found the following significant warnings:
     WARNING: installation-time patches will not be applied, could not get the patches index
Flavor: r-devel-windows-x86_64-gcc10-UCRT

Version: 0.1.1
Check: PDF version of manual
Result: WARN
    LaTeX errors when creating PDF version.
    This typically indicates Rd problems.
Flavor: r-devel-windows-x86_64-gcc10-UCRT

Version: 0.1.1
Check: PDF version of manual without hyperrefs or index
Result: ERROR
    Re-running with no redirection of stdout/stderr.
Flavor: r-devel-windows-x86_64-gcc10-UCRT