CRAN Package Check Results for Package jmvconnect

Last updated on 2021-09-22 06:48:32 CEST.

Flavor Version Tinstall Tcheck Ttotal Status Flags
r-devel-linux-x86_64-debian-clang 2.0.0 24.95 28.65 53.60 OK
r-devel-linux-x86_64-debian-gcc 2.0.0 17.95 22.58 40.53 OK
r-devel-linux-x86_64-fedora-clang 2.0.0 84.57 OK
r-devel-linux-x86_64-fedora-gcc 2.0.0 68.01 OK
r-devel-windows-x86_64 2.0.0 40.00 44.00 84.00 OK
r-devel-windows-x86_64-gcc10-UCRT 2.0.0 ERROR
r-patched-linux-x86_64 2.0.0 22.51 27.69 50.20 OK
r-patched-solaris-x86 2.0.0 83.30 OK
r-release-linux-x86_64 2.0.0 22.47 28.04 50.51 OK
r-release-macos-arm64 2.0.0 OK
r-release-macos-x86_64 2.0.0 OK
r-release-windows-ix86+x86_64 2.0.0 88.00 60.00 148.00 OK
r-oldrel-macos-x86_64 2.0.0 OK
r-oldrel-windows-ix86+x86_64 2.0.0 93.00 60.00 153.00 OK

Check Details

Version: 2.0.0
Check: whether package can be installed
Result: ERROR
    Installation failed.
Flavor: r-devel-windows-x86_64-gcc10-UCRT