CRAN Package Check Results for Package joineRML

Last updated on 2021-09-27 06:48:26 CEST.

Flavor Version Tinstall Tcheck Ttotal Status Flags
r-devel-linux-x86_64-debian-clang 0.4.5 119.68 500.39 620.07 OK
r-devel-linux-x86_64-debian-gcc 0.4.5 80.32 365.98 446.30 OK
r-devel-linux-x86_64-fedora-clang 0.4.5 753.35 NOTE
r-devel-linux-x86_64-fedora-gcc 0.4.5 720.10 OK
r-devel-windows-x86_64 0.4.5 102.00 507.00 609.00 OK
r-devel-windows-x86_64-gcc10-UCRT 0.4.5 OK
r-patched-linux-x86_64 0.4.5 97.62 472.31 569.93 OK
r-patched-solaris-x86 0.4.5 947.00 OK
r-release-linux-x86_64 0.4.5 93.85 470.67 564.52 OK
r-release-macos-arm64 0.4.5 NOTE
r-release-macos-x86_64 0.4.5 NOTE
r-release-windows-ix86+x86_64 0.4.5 264.00 746.00 1010.00 OK
r-oldrel-macos-x86_64 0.4.5 NOTE
r-oldrel-windows-ix86+x86_64 0.4.5 203.00 728.00 931.00 OK

Check Details

Version: 0.4.5
Check: installed package size
Result: NOTE
     installed size is 6.5Mb
     sub-directories of 1Mb or more:
     data 1.3Mb
     libs 4.0Mb
Flavors: r-devel-linux-x86_64-fedora-clang, r-release-macos-arm64, r-release-macos-x86_64, r-oldrel-macos-x86_64