CRAN Package Check Results for Package jomo

Last updated on 2021-09-28 06:48:27 CEST.

Flavor Version Tinstall Tcheck Ttotal Status Flags
r-devel-linux-x86_64-debian-clang 2.7-2 76.01 240.07 316.08 OK
r-devel-linux-x86_64-debian-gcc 2.7-2 70.19 172.19 242.38 OK
r-devel-linux-x86_64-fedora-clang 2.7-2 383.08 OK
r-devel-linux-x86_64-fedora-gcc 2.7-2 393.36 OK
r-devel-windows-x86_64 2.7-2 85.00 198.00 283.00 OK
r-devel-windows-x86_64-gcc10-UCRT 2.7-2 OK
r-patched-linux-x86_64 2.7-2 78.06 227.02 305.08 OK
r-patched-solaris-x86 2.7-2 615.70 ERROR
r-release-linux-x86_64 2.7-2 78.42 228.71 307.13 OK
r-release-macos-arm64 2.7-2 OK
r-release-macos-x86_64 2.7-2 OK
r-release-windows-ix86+x86_64 2.7-2 179.00 249.00 428.00 OK
r-oldrel-macos-x86_64 2.7-2 OK
r-oldrel-windows-ix86+x86_64 2.7-2 139.00 275.00 414.00 OK

Check Details

Version: 2.7-2
Check: examples
Result: ERROR
    Running examples in ‘jomo-Ex.R’ failed
    The error most likely occurred in:
    
    > ### Name: jomo.glmer.MCMCchain
    > ### Title: glmer Compatible JM Imputation - A tool to check convergence of
    > ### the MCMC
    > ### Aliases: jomo.glmer.MCMCchain
    >
    > ### ** Examples
    >
    >
    > # make sure sex is a factor:
    >
    > cldata<-within(cldata, sex<-factor(sex))
    
     *** caught segfault ***
    address 70a, cause 'memory not mapped'
    *** recursive gc invocation
    *** recursive gc invocation
    *** recursive gc invocation
    *** recursive gc invocation
    *** recursive gc invocation
    *** recursive gc invocation
    *** recursive gc invocation
    *** recursive gc invocation
    *** recursive gc invocation
    *** recursive gc invocation
    *** recursive gc invocation
    *** recursive gc invocation
    *** recursive gc invocation
    *** recursive gc invocation
    *** recursive gc invocation
    *** recursive gc invocation
    *** recursive gc invocation
    *** recursive gc invocation
    *** recursive gc invocation
    *** recursive gc invocation
    *** recursive gc invocation
    *** recursive gc invocation
    *** recursive gc invocation
    *** recursive gc invocation
    *** recursive gc invocation
    *** recursive gc invocation
    *** recursive gc invocation
    
    Traceback:
     1: within.data.frame(cldata, sex <- factor(sex))
     2: within(cldata, sex <- factor(sex))
    An irrecoverable exception occurred. R is aborting now ...
Flavor: r-patched-solaris-x86