CRAN Package Check Results for Package kdist

Last updated on 2021-09-27 06:48:26 CEST.

Flavor Version Tinstall Tcheck Ttotal Status Flags
r-devel-linux-x86_64-debian-clang 0.2 1.89 21.32 23.21 NOTE
r-devel-linux-x86_64-debian-gcc 0.2 1.46 16.85 18.31 NOTE
r-devel-linux-x86_64-fedora-clang 0.2 37.30 NOTE
r-devel-linux-x86_64-fedora-gcc 0.2 26.59 NOTE
r-devel-windows-x86_64 0.2 4.00 30.00 34.00 NOTE
r-devel-windows-x86_64-gcc10-UCRT 0.2 NOTE
r-patched-linux-x86_64 0.2 1.83 20.72 22.55 NOTE
r-patched-solaris-x86 0.2 41.40 NOTE
r-release-linux-x86_64 0.2 1.73 20.86 22.59 NOTE
r-release-macos-arm64 0.2 NOTE
r-release-macos-x86_64 0.2 NOTE
r-release-windows-ix86+x86_64 0.2 4.00 27.00 31.00 NOTE
r-oldrel-macos-x86_64 0.2 OK
r-oldrel-windows-ix86+x86_64 0.2 4.00 28.00 32.00 OK

Check Details

Version: 0.2
Check: LazyData
Result: NOTE
     'LazyData' is specified without a 'data' directory
Flavors: r-devel-linux-x86_64-debian-clang, r-devel-linux-x86_64-debian-gcc, r-devel-linux-x86_64-fedora-clang, r-devel-linux-x86_64-fedora-gcc, r-devel-windows-x86_64, r-devel-windows-x86_64-gcc10-UCRT, r-patched-linux-x86_64, r-patched-solaris-x86, r-release-linux-x86_64, r-release-macos-arm64, r-release-macos-x86_64, r-release-windows-ix86+x86_64