CRAN Package Check Results for Package kernelboot

Last updated on 2021-09-17 06:48:47 CEST.

Flavor Version Tinstall Tcheck Ttotal Status Flags
r-devel-linux-x86_64-debian-clang 0.1.7 33.93 51.67 85.60 NOTE
r-devel-linux-x86_64-debian-gcc 0.1.7 24.07 39.35 63.42 NOTE
r-devel-linux-x86_64-fedora-clang 0.1.7 125.39 NOTE
r-devel-linux-x86_64-fedora-gcc 0.1.7 103.95 NOTE
r-devel-windows-x86_64 0.1.7 31.00 92.00 123.00 NOTE
r-devel-windows-x86_64-gcc10-UCRT 0.1.7 NOTE
r-patched-linux-x86_64 0.1.7 28.09 49.37 77.46 NOTE
r-patched-solaris-x86 0.1.7 123.90 NOTE
r-release-linux-x86_64 0.1.7 27.13 48.62 75.75 NOTE
r-release-macos-arm64 0.1.7 NOTE
r-release-macos-x86_64 0.1.7 NOTE
r-release-windows-ix86+x86_64 0.1.7 83.00 101.00 184.00 NOTE
r-oldrel-macos-x86_64 0.1.7 OK
r-oldrel-windows-ix86+x86_64 0.1.7 59.00 121.00 180.00 OK

Additional issues

clang-UBSAN

Check Details

Version: 0.1.7
Check: LazyData
Result: NOTE
     'LazyData' is specified without a 'data' directory
Flavors: r-devel-linux-x86_64-debian-clang, r-devel-linux-x86_64-debian-gcc, r-devel-linux-x86_64-fedora-clang, r-devel-linux-x86_64-fedora-gcc, r-devel-windows-x86_64, r-devel-windows-x86_64-gcc10-UCRT, r-patched-linux-x86_64, r-patched-solaris-x86, r-release-linux-x86_64, r-release-macos-arm64, r-release-macos-x86_64, r-release-windows-ix86+x86_64