CRAN Package Check Results for Package kolmim

Last updated on 2021-09-24 06:48:30 CEST.

Flavor Version Tinstall Tcheck Ttotal Status Flags
r-devel-linux-x86_64-debian-clang 1.0 2.44 22.47 24.91 OK
r-devel-linux-x86_64-debian-gcc 1.0 1.85 17.84 19.69 OK
r-devel-linux-x86_64-fedora-clang 1.0 39.71 NOTE
r-devel-linux-x86_64-fedora-gcc 1.0 28.65 NOTE
r-devel-windows-x86_64 1.0 4.00 30.00 34.00 OK
r-devel-windows-x86_64-gcc10-UCRT 1.0 OK
r-patched-linux-x86_64 1.0 2.37 21.84 24.21 OK
r-patched-solaris-x86 1.0 43.60 OK
r-release-linux-x86_64 1.0 2.29 21.55 23.84 OK
r-release-macos-arm64 1.0 OK
r-release-macos-x86_64 1.0 OK
r-release-windows-ix86+x86_64 1.0 8.00 36.00 44.00 OK
r-oldrel-macos-x86_64 1.0 OK
r-oldrel-windows-ix86+x86_64 1.0 6.00 36.00 42.00 OK

Check Details

Version: 1.0
Check: compiled code
Result: NOTE
    File ‘kolmim/libs/kolmim.so’:
     Found no call to: ‘R_useDynamicSymbols’
    
    It is good practice to register native routines and to disable symbol
    search.
    
    See ‘Writing portable packages’ in the ‘Writing R Extensions’ manual.
Flavors: r-devel-linux-x86_64-fedora-clang, r-devel-linux-x86_64-fedora-gcc