CRAN Package Check Results for Package landmap

Last updated on 2021-10-22 12:59:18 CEST.

Flavor Version Tinstall Tcheck Ttotal Status Flags
r-devel-linux-x86_64-debian-clang 0.0.13 28.86 232.30 261.16 NOTE
r-devel-linux-x86_64-debian-gcc 0.0.13 24.06 174.32 198.38 NOTE
r-devel-linux-x86_64-fedora-clang 0.0.13 336.29 NOTE
r-devel-linux-x86_64-fedora-gcc 0.0.13 340.24 NOTE
r-devel-windows-x86_64 0.0.13 43.00 264.00 307.00 OK
r-devel-windows-x86_64-gcc10-UCRT 0.0.13 NOTE
r-patched-linux-x86_64 0.0.13 25.74 224.16 249.90 NOTE
r-patched-solaris-x86 0.0.13 385.20 NOTE
r-release-linux-x86_64 0.0.13 25.42 219.71 245.13 NOTE
r-release-macos-arm64 0.0.11 NOTE
r-release-macos-x86_64 0.0.13 NOTE
r-release-windows-ix86+x86_64 0.0.13 34.00 189.00 223.00 OK
r-oldrel-macos-x86_64 0.0.13 NOTE
r-oldrel-windows-ix86+x86_64 0.0.13 43.00 186.00 229.00 OK

Additional issues

M1mac

Check Details

Version: 0.0.13
Check: package dependencies
Result: NOTE
    Package suggested but not available for checking: 'plotKML'
Flavors: r-devel-linux-x86_64-debian-clang, r-devel-linux-x86_64-debian-gcc, r-devel-linux-x86_64-fedora-clang, r-devel-linux-x86_64-fedora-gcc, r-devel-windows-x86_64-gcc10-UCRT, r-patched-linux-x86_64, r-patched-solaris-x86, r-release-linux-x86_64

Version: 0.0.13
Check: dependencies in R code
Result: NOTE
    Namespaces in Imports field not imported from:
     ‘ParamHelpers’ ‘geoR’ ‘kernlab’ ‘maptools’ ‘nnet’ ‘rpart’ ‘spdep’
     ‘xgboost’
     All declared Imports should be used.
Flavors: r-devel-linux-x86_64-fedora-clang, r-devel-linux-x86_64-fedora-gcc, r-devel-windows-x86_64-gcc10-UCRT, r-patched-solaris-x86, r-release-macos-x86_64, r-oldrel-macos-x86_64

Version: 0.0.13
Check: data for non-ASCII characters
Result: NOTE
     Note: found 23 marked UTF-8 strings
Flavors: r-devel-linux-x86_64-fedora-clang, r-devel-linux-x86_64-fedora-gcc, r-devel-windows-x86_64-gcc10-UCRT, r-patched-solaris-x86, r-release-macos-x86_64, r-oldrel-macos-x86_64

Version: 0.0.11
Check: data for non-ASCII characters
Result: NOTE
     Note: found 23 marked UTF-8 strings
Flavor: r-release-macos-arm64