CRAN Package Check Results for Package latdiag

Last updated on 2021-09-20 07:50:41 CEST.

Flavor Version Tinstall Tcheck Ttotal Status Flags
r-devel-linux-x86_64-debian-clang 0.3 2.28 39.81 42.09 OK
r-devel-linux-x86_64-debian-gcc 0.3 1.75 30.76 32.51 OK
r-devel-linux-x86_64-fedora-clang 0.3 58.45 OK
r-devel-linux-x86_64-fedora-gcc 0.3 48.49 OK
r-devel-windows-x86_64 0.3 3.00 46.00 49.00 OK
r-devel-windows-x86_64-gcc10-UCRT 0.3 ERROR
r-patched-linux-x86_64 0.3 2.29 38.97 41.26 OK
r-patched-solaris-x86 0.3 71.30 OK
r-release-linux-x86_64 0.3 2.26 39.38 41.64 OK
r-release-macos-arm64 0.3 OK
r-release-macos-x86_64 0.3 OK
r-release-windows-ix86+x86_64 0.3 4.00 45.00 49.00 OK
r-oldrel-macos-x86_64 0.3 OK
r-oldrel-windows-ix86+x86_64 0.3 5.00 45.00 50.00 OK

Check Details

Version: 0.3
Check: whether package can be installed
Result: WARN
    Found the following significant warnings:
     WARNING: installation-time patches will not be applied, could not get the patches index
Flavor: r-devel-windows-x86_64-gcc10-UCRT

Version: 0.3
Check: PDF version of manual
Result: WARN
    LaTeX errors when creating PDF version.
    This typically indicates Rd problems.
Flavor: r-devel-windows-x86_64-gcc10-UCRT

Version: 0.3
Check: PDF version of manual without hyperrefs or index
Result: ERROR
    Re-running with no redirection of stdout/stderr.
Flavor: r-devel-windows-x86_64-gcc10-UCRT