CRAN Package Check Results for Package lcopula

Last updated on 2021-09-20 07:50:41 CEST.

Flavor Version Tinstall Tcheck Ttotal Status Flags
r-devel-linux-x86_64-debian-clang 1.0.4 33.05 86.94 119.99 OK
r-devel-linux-x86_64-debian-gcc 1.0.4 24.12 67.56 91.68 OK
r-devel-linux-x86_64-fedora-clang 1.0.4 170.20 OK
r-devel-linux-x86_64-fedora-gcc 1.0.4 150.33 OK
r-devel-windows-x86_64 1.0.4 36.00 88.00 124.00 OK
r-devel-windows-x86_64-gcc10-UCRT 1.0.4 ERROR
r-patched-linux-x86_64 1.0.4 30.44 83.86 114.30 OK
r-patched-solaris-x86 1.0.4 198.30 OK
r-release-linux-x86_64 1.0.4 29.46 83.74 113.20 OK
r-release-macos-arm64 1.0.4 OK
r-release-macos-x86_64 1.0.4 OK
r-release-windows-ix86+x86_64 1.0.4 84.00 116.00 200.00 OK
r-oldrel-macos-x86_64 1.0.4 OK
r-oldrel-windows-ix86+x86_64 1.0.4 79.00 115.00 194.00 OK

Check Details

Version: 1.0.4
Check: whether package can be installed
Result: ERROR
    Installation failed.
Flavor: r-devel-windows-x86_64-gcc10-UCRT