CRAN Package Check Results for Package lcyanalysis

Last updated on 2021-10-22 12:59:18 CEST.

Flavor Version Tinstall Tcheck Ttotal Status Flags
r-devel-linux-x86_64-debian-clang 1.0.4 6.45 44.18 50.63 NOTE
r-devel-linux-x86_64-debian-gcc 1.0.4 5.16 34.85 40.01 NOTE
r-devel-linux-x86_64-fedora-clang 1.0.4 72.36 NOTE
r-devel-linux-x86_64-fedora-gcc 1.0.4 60.11 NOTE
r-devel-windows-x86_64 1.0.4 11.00 62.00 73.00 NOTE
r-devel-windows-x86_64-gcc10-UCRT 1.0.4 NOTE
r-patched-linux-x86_64 1.0.4 6.42 42.80 49.22 NOTE
r-patched-solaris-x86 1.0.4 85.80 NOTE
r-release-linux-x86_64 1.0.4 5.76 42.35 48.11 NOTE
r-release-macos-arm64 1.0.4 NOTE
r-release-macos-x86_64 1.0.4 NOTE
r-release-windows-ix86+x86_64 1.0.4 10.00 59.00 69.00 NOTE
r-oldrel-macos-x86_64 1.0.4 OK
r-oldrel-windows-ix86+x86_64 1.0.4 12.00 65.00 77.00 OK

Check Details

Version: 1.0.4
Check: LazyData
Result: NOTE
     'LazyData' is specified without a 'data' directory
Flavors: r-devel-linux-x86_64-debian-clang, r-devel-linux-x86_64-debian-gcc, r-devel-linux-x86_64-fedora-clang, r-devel-linux-x86_64-fedora-gcc, r-devel-windows-x86_64, r-devel-windows-x86_64-gcc10-UCRT, r-patched-linux-x86_64, r-patched-solaris-x86, r-release-linux-x86_64, r-release-macos-arm64, r-release-macos-x86_64, r-release-windows-ix86+x86_64