CRAN Package Check Results for Package leafgl

Last updated on 2021-10-27 04:00:14 CEST.

Flavor Version Tinstall Tcheck Ttotal Status Flags
r-devel-linux-x86_64-debian-clang 0.1.1 3.25 38.36 41.61 NOTE
r-devel-linux-x86_64-debian-gcc 0.1.1 2.73 29.49 32.22 NOTE
r-devel-linux-x86_64-fedora-clang 0.1.1 60.27 NOTE
r-devel-linux-x86_64-fedora-gcc 0.1.1 50.38 NOTE
r-devel-windows-x86_64 0.1.1 7.00 58.00 65.00 NOTE
r-devel-windows-x86_64-gcc10-UCRT 0.1.1 NOTE
r-patched-linux-x86_64 0.1.1 3.30 37.62 40.92 NOTE
r-patched-solaris-x86 0.1.1 77.50 NOTE
r-release-linux-x86_64 0.1.1 2.74 36.95 39.69 NOTE
r-release-macos-arm64 0.1.1 NOTE
r-release-macos-x86_64 0.1.1 NOTE
r-release-windows-ix86+x86_64 0.1.1 7.00 58.00 65.00 NOTE
r-oldrel-macos-x86_64 0.1.1 OK
r-oldrel-windows-ix86+x86_64 0.1.1 9.00 67.00 76.00 OK

Check Details

Version: 0.1.1
Check: LazyData
Result: NOTE
     'LazyData' is specified without a 'data' directory
Flavors: r-devel-linux-x86_64-debian-clang, r-devel-linux-x86_64-debian-gcc, r-devel-linux-x86_64-fedora-clang, r-devel-linux-x86_64-fedora-gcc, r-devel-windows-x86_64, r-devel-windows-x86_64-gcc10-UCRT, r-patched-linux-x86_64, r-patched-solaris-x86, r-release-linux-x86_64, r-release-macos-arm64, r-release-macos-x86_64, r-release-windows-ix86+x86_64