CRAN Package Check Results for Package lg

Last updated on 2021-10-16 06:48:15 CEST.

Flavor Version Tinstall Tcheck Ttotal Status Flags
r-devel-linux-x86_64-debian-clang 0.4.1 5.72 45.22 50.94 NOTE
r-devel-linux-x86_64-debian-gcc 0.4.1 3.74 34.48 38.22 NOTE
r-devel-linux-x86_64-fedora-clang 0.4.1 70.01 NOTE
r-devel-linux-x86_64-fedora-gcc 0.4.1 62.66 NOTE
r-devel-windows-x86_64 0.4.1 7.00 49.00 56.00 NOTE
r-devel-windows-x86_64-gcc10-UCRT 0.4.1 NOTE
r-patched-linux-x86_64 0.4.1 5.75 43.49 49.24 NOTE
r-patched-solaris-x86 0.4.1 84.40 NOTE
r-release-linux-x86_64 0.4.1 5.06 43.13 48.19 NOTE
r-release-macos-arm64 0.4.1 NOTE
r-release-macos-x86_64 0.4.1 NOTE
r-release-windows-ix86+x86_64 0.4.1 11.00 70.00 81.00 NOTE
r-oldrel-macos-x86_64 0.4.1 OK
r-oldrel-windows-ix86+x86_64 0.4.1 10.00 73.00 83.00 OK

Check Details

Version: 0.4.1
Check: LazyData
Result: NOTE
     'LazyData' is specified without a 'data' directory
Flavors: r-devel-linux-x86_64-debian-clang, r-devel-linux-x86_64-debian-gcc, r-devel-linux-x86_64-fedora-clang, r-devel-linux-x86_64-fedora-gcc, r-devel-windows-x86_64, r-devel-windows-x86_64-gcc10-UCRT, r-patched-linux-x86_64, r-patched-solaris-x86, r-release-linux-x86_64, r-release-macos-arm64, r-release-macos-x86_64, r-release-windows-ix86+x86_64