CRAN Package Check Results for Package lgarch

Last updated on 2021-09-20 07:50:42 CEST.

Flavor Version Tinstall Tcheck Ttotal Status Flags
r-devel-linux-x86_64-debian-clang 0.6-2 4.49 36.60 41.09 OK
r-devel-linux-x86_64-debian-gcc 0.6-2 3.64 29.14 32.78 OK
r-devel-linux-x86_64-fedora-clang 0.6-2 58.85 NOTE
r-devel-linux-x86_64-fedora-gcc 0.6-2 47.70 NOTE
r-devel-windows-x86_64 0.6-2 6.00 42.00 48.00 OK
r-devel-windows-x86_64-gcc10-UCRT 0.6-2 ERROR
r-patched-linux-x86_64 0.6-2 4.47 35.17 39.64 OK
r-patched-solaris-x86 0.6-2 69.30 OK
r-release-linux-x86_64 0.6-2 4.91 35.55 40.46 OK
r-release-macos-arm64 0.6-2 OK
r-release-macos-x86_64 0.6-2 OK
r-release-windows-ix86+x86_64 0.6-2 11.00 49.00 60.00 OK
r-oldrel-macos-x86_64 0.6-2 OK
r-oldrel-windows-ix86+x86_64 0.6-2 10.00 49.00 59.00 OK

Check Details

Version: 0.6-2
Check: compiled code
Result: NOTE
    File ‘lgarch/libs/lgarch.so’:
     Found no calls to: ‘R_registerRoutines’, ‘R_useDynamicSymbols’
    
    It is good practice to register native routines and to disable symbol
    search.
    
    See ‘Writing portable packages’ in the ‘Writing R Extensions’ manual.
Flavors: r-devel-linux-x86_64-fedora-clang, r-devel-linux-x86_64-fedora-gcc

Version: 0.6-2
Check: whether package can be installed
Result: ERROR
    Installation failed.
Flavor: r-devel-windows-x86_64-gcc10-UCRT