CRAN Package Check Results for Package libr

Last updated on 2021-09-22 06:48:33 CEST.

Flavor Version Tinstall Tcheck Ttotal Status Flags
r-devel-linux-x86_64-debian-clang 1.2.0 27.81 119.20 147.01 OK
r-devel-linux-x86_64-debian-gcc 1.2.0 18.43 88.91 107.34 OK
r-devel-linux-x86_64-fedora-clang 1.2.0 183.51 NOTE
r-devel-linux-x86_64-fedora-gcc 1.2.0 164.66 OK
r-devel-windows-x86_64 1.2.0 24.00 140.00 164.00 OK
r-devel-windows-x86_64-gcc10-UCRT 1.2.0 ERROR
r-patched-linux-x86_64 1.2.0 22.62 112.48 135.10 OK
r-patched-solaris-x86 1.2.0 227.90 OK
r-release-linux-x86_64 1.2.0 22.59 113.41 136.00 OK
r-release-macos-arm64 1.2.0 OK
r-release-macos-x86_64 1.2.0 OK
r-release-windows-ix86+x86_64 1.2.0 57.00 224.00 281.00 OK
r-oldrel-macos-x86_64 1.2.0 OK
r-oldrel-windows-ix86+x86_64 1.2.0 55.00 214.00 269.00 OK

Check Details

Version: 1.2.0
Check: Rd cross-references
Result: NOTE
    Undeclared package ‘fmtr’ in Rd xrefs
Flavor: r-devel-linux-x86_64-fedora-clang

Version: 1.2.0
Check: whether package can be installed
Result: ERROR
    Installation failed.
Flavor: r-devel-windows-x86_64-gcc10-UCRT