CRAN Package Check Results for Package linprog

Last updated on 2021-09-20 07:50:42 CEST.

Flavor Version Tinstall Tcheck Ttotal Status Flags
r-devel-linux-x86_64-debian-clang 0.9-2 3.46 27.72 31.18 NOTE
r-devel-linux-x86_64-debian-gcc 0.9-2 2.55 21.82 24.37 NOTE
r-devel-linux-x86_64-fedora-clang 0.9-2 46.73 NOTE
r-devel-linux-x86_64-fedora-gcc 0.9-2 35.28 NOTE
r-devel-windows-x86_64 0.9-2 4.00 33.00 37.00 NOTE
r-devel-windows-x86_64-gcc10-UCRT 0.9-2 ERROR
r-patched-linux-x86_64 0.9-2 3.35 26.74 30.09 NOTE
r-patched-solaris-x86 0.9-2 53.30 NOTE
r-release-linux-x86_64 0.9-2 2.58 26.79 29.37 NOTE
r-release-macos-arm64 0.9-2 NOTE
r-release-macos-x86_64 0.9-2 NOTE
r-release-windows-ix86+x86_64 0.9-2 6.00 34.00 40.00 NOTE
r-oldrel-macos-x86_64 0.9-2 NOTE
r-oldrel-windows-ix86+x86_64 0.9-2 5.00 30.00 35.00 NOTE

Check Details

Version: 0.9-2
Check: top-level files
Result: NOTE
    Non-standard file/directory found at top level:
     'pkg.Rproj'
Flavors: r-devel-linux-x86_64-debian-clang, r-devel-linux-x86_64-debian-gcc, r-devel-linux-x86_64-fedora-clang, r-devel-linux-x86_64-fedora-gcc, r-patched-linux-x86_64, r-release-linux-x86_64

Version: 0.9-2
Check: dependencies in R code
Result: NOTE
    'library' or 'require' call to 'lpSolve' which was already attached by Depends.
     Please remove these calls from your code.
    Package in Depends field not imported from: 'lpSolve'
     These packages need to be imported from (in the NAMESPACE file)
     for when this namespace is loaded but not attached.
Flavors: r-devel-linux-x86_64-debian-clang, r-devel-linux-x86_64-debian-gcc, r-devel-linux-x86_64-fedora-clang, r-devel-linux-x86_64-fedora-gcc, r-devel-windows-x86_64, r-devel-windows-x86_64-gcc10-UCRT, r-patched-linux-x86_64, r-patched-solaris-x86, r-release-linux-x86_64, r-release-macos-arm64, r-release-macos-x86_64, r-release-windows-ix86+x86_64, r-oldrel-macos-x86_64, r-oldrel-windows-ix86+x86_64

Version: 0.9-2
Check: R code for possible problems
Result: NOTE
    solveLP: no visible global function definition for 'lp'
    Undefined global functions or variables:
     lp
Flavors: r-devel-linux-x86_64-debian-clang, r-devel-linux-x86_64-debian-gcc, r-devel-linux-x86_64-fedora-clang, r-devel-linux-x86_64-fedora-gcc, r-devel-windows-x86_64, r-devel-windows-x86_64-gcc10-UCRT, r-patched-linux-x86_64, r-patched-solaris-x86, r-release-linux-x86_64, r-release-macos-arm64, r-release-macos-x86_64, r-release-windows-ix86+x86_64, r-oldrel-macos-x86_64, r-oldrel-windows-ix86+x86_64

Version: 0.9-2
Check: for non-standard things in the check directory
Result: NOTE
    Found the following files/directories:
     'steinh.mps'
Flavors: r-devel-linux-x86_64-debian-clang, r-devel-linux-x86_64-debian-gcc, r-devel-linux-x86_64-fedora-clang, r-devel-linux-x86_64-fedora-gcc, r-patched-linux-x86_64, r-patched-solaris-x86, r-release-linux-x86_64

Version: 0.9-2
Check: whether package can be installed
Result: WARN
    Found the following significant warnings:
     WARNING: installation-time patches will not be applied, could not get the patches index
Flavor: r-devel-windows-x86_64-gcc10-UCRT

Version: 0.9-2
Check: PDF version of manual
Result: WARN
    LaTeX errors when creating PDF version.
    This typically indicates Rd problems.
Flavor: r-devel-windows-x86_64-gcc10-UCRT

Version: 0.9-2
Check: PDF version of manual without hyperrefs or index
Result: ERROR
    Re-running with no redirection of stdout/stderr.
Flavor: r-devel-windows-x86_64-gcc10-UCRT