CRAN Package Check Results for Package lisrelToR

Last updated on 2021-09-19 06:49:07 CEST.

Flavor Version Tinstall Tcheck Ttotal Status Flags
r-devel-linux-x86_64-debian-clang 0.1.4 2.68 23.78 26.46 NOTE
r-devel-linux-x86_64-debian-gcc 0.1.4 1.84 18.39 20.23 NOTE
r-devel-linux-x86_64-fedora-clang 0.1.4 40.26 NOTE
r-devel-linux-x86_64-fedora-gcc 0.1.4 29.68 NOTE
r-devel-windows-x86_64 0.1.4 3.00 35.00 38.00 NOTE
r-devel-windows-x86_64-gcc10-UCRT 0.1.4 ERROR
r-patched-linux-x86_64 0.1.4 2.55 22.87 25.42 NOTE
r-patched-solaris-x86 0.1.4 44.90 NOTE
r-release-linux-x86_64 0.1.4 2.68 22.79 25.47 NOTE
r-release-macos-arm64 0.1.4 NOTE
r-release-macos-x86_64 0.1.4 NOTE
r-release-windows-ix86+x86_64 0.1.4 5.00 29.00 34.00 NOTE
r-oldrel-macos-x86_64 0.1.4 NOTE
r-oldrel-windows-ix86+x86_64 0.1.4 4.00 27.00 31.00 NOTE

Check Details

Version: 0.1.4
Check: R code for possible problems
Result: NOTE
    getMatrix : <anonymous>: no visible global function definition for
     'read.table'
    Undefined global functions or variables:
     read.table
    Consider adding
     importFrom("utils", "read.table")
    to your NAMESPACE file.
Flavors: r-devel-linux-x86_64-debian-clang, r-devel-linux-x86_64-debian-gcc, r-devel-linux-x86_64-fedora-clang, r-devel-linux-x86_64-fedora-gcc, r-devel-windows-x86_64, r-devel-windows-x86_64-gcc10-UCRT, r-patched-linux-x86_64, r-patched-solaris-x86, r-release-linux-x86_64, r-release-macos-arm64, r-release-macos-x86_64, r-release-windows-ix86+x86_64, r-oldrel-macos-x86_64, r-oldrel-windows-ix86+x86_64

Version: 0.1.4
Check: whether package can be installed
Result: WARN
    Found the following significant warnings:
     WARNING: installation-time patches will not be applied, could not get the patches index
Flavor: r-devel-windows-x86_64-gcc10-UCRT

Version: 0.1.4
Check: PDF version of manual
Result: WARN
    LaTeX errors when creating PDF version.
    This typically indicates Rd problems.
Flavor: r-devel-windows-x86_64-gcc10-UCRT

Version: 0.1.4
Check: PDF version of manual without hyperrefs or index
Result: ERROR
    Re-running with no redirection of stdout/stderr.
Flavor: r-devel-windows-x86_64-gcc10-UCRT