Last updated on 2023-05-28 01:54:01 CEST.
Flavor | Version | Tinstall | Tcheck | Ttotal | Status | Flags |
---|---|---|---|---|---|---|
r-devel-linux-x86_64-debian-clang | 0.9-40 | 4.89 | 54.45 | 59.34 | OK | |
r-devel-linux-x86_64-debian-gcc | 0.9-40 | 4.92 | 41.57 | 46.49 | OK | |
r-devel-linux-x86_64-fedora-clang | 0.9-40 | 76.03 | OK | |||
r-devel-linux-x86_64-fedora-gcc | 0.9-40 | 82.33 | OK | |||
r-devel-windows-x86_64 | 0.9-40 | 9.00 | 90.00 | 99.00 | OK | |
r-patched-linux-x86_64 | 0.9-40 | 5.89 | 52.57 | 58.46 | OK | |
r-release-linux-x86_64 | 0.9-40 | 5.17 | 52.36 | 57.53 | OK | |
r-release-macos-arm64 | 0.9-40 | 40.00 | OK | |||
r-release-macos-x86_64 | 0.9-40 | 50.00 | NOTE | |||
r-release-windows-x86_64 | 0.9-40 | 11.00 | 91.00 | 102.00 | OK | |
r-oldrel-macos-arm64 | 0.9-40 | 31.00 | OK | |||
r-oldrel-macos-x86_64 | 0.9-40 | 40.00 | OK | |||
r-oldrel-windows-x86_64 | 0.9-40 | 10.00 | 92.00 | 102.00 | OK |
Version: 0.9-40
Check: package dependencies
Result: NOTE
Packages suggested but not available for checking: 'car', 'dynlm', 'AER'
Flavor: r-release-macos-x86_64
Version: 0.9-40
Check: Rd cross-references
Result: NOTE
Package unavailable to check Rd xrefs: ‘car’
Flavor: r-release-macos-x86_64