CRAN Package Check Results for Package localsolver

Last updated on 2021-09-20 07:50:42 CEST.

Flavor Version Tinstall Tcheck Ttotal Status Flags
r-devel-linux-x86_64-debian-clang 2.3 2.54 25.34 27.88 OK --install=fake --no-examples --no-tests --no-vignettes
r-devel-linux-x86_64-debian-gcc 2.3 2.05 20.16 22.21 OK --install=fake --no-examples --no-tests --no-vignettes
r-devel-windows-x86_64 2.3 5.00 38.00 43.00 OK
r-devel-windows-x86_64-gcc10-UCRT 2.3 ERROR --install=fake
r-patched-linux-x86_64 2.3 2.46 24.96 27.42 OK --no-examples --no-tests --no-vignettes
r-release-linux-x86_64 2.3 2.30 25.01 27.31 OK --no-examples --no-tests --no-vignettes
r-release-macos-arm64 2.3 ERROR
r-release-macos-x86_64 2.3 ERROR
r-release-windows-ix86+x86_64 2.3 6.00 36.00 42.00 OK
r-oldrel-macos-x86_64 2.3 ERROR
r-oldrel-windows-ix86+x86_64 2.3 6.00 33.00 39.00 OK

Check Details

Version: 2.3
Flags: --install=fake
Check: whether package can be installed
Result: WARN
    Found the following significant warnings:
     WARNING: installation-time patches will not be applied, could not get the patches index
Flavor: r-devel-windows-x86_64-gcc10-UCRT

Version: 2.3
Flags: --install=fake
Check: PDF version of manual
Result: WARN
    LaTeX errors when creating PDF version.
    This typically indicates Rd problems.
Flavor: r-devel-windows-x86_64-gcc10-UCRT

Version: 2.3
Flags: --install=fake
Check: PDF version of manual without hyperrefs or index
Result: ERROR
    Re-running with no redirection of stdout/stderr.
Flavor: r-devel-windows-x86_64-gcc10-UCRT

Version: 2.3
Check: examples
Result: ERROR
    Running examples in ‘localsolver-Ex.R’ failed
    The error most likely occurred in:
    
    > ### Name: add.output.expr
    > ### Title: Add expression to output of ls.problem.
    > ### Aliases: add.output.expr
    >
    > ### ** Examples
    >
    > model.text.lsp <- lsp.model.example('extdata/knapsack.txt')
    > lsp <- ls.problem(model.text.lsp)
    sh: localsolver: command not found
    Error in ls.problem(model.text.lsp) :
     has.localsolver(ls.path) is not TRUE
    Calls: ls.problem -> stopifnot
    Execution halted
Flavors: r-release-macos-arm64, r-release-macos-x86_64, r-oldrel-macos-x86_64

Version: 2.3
Check: re-building of vignette outputs
Result: WARN
    Error(s) in re-building vignettes:
     ...
    --- re-building ‘localsolver.Rmd’ using knitr
    sh: localsolver: command not found
    Quitting from lines 66-68 (localsolver.Rmd)
    Error: processing vignette 'localsolver.Rmd' failed with diagnostics:
    has.localsolver(ls.path) is not TRUE
    --- failed re-building ‘localsolver.Rmd’
    
    SUMMARY: processing the following file failed:
     ‘localsolver.Rmd’
    
    Error: Vignette re-building failed.
    Execution halted
Flavors: r-release-macos-arm64, r-release-macos-x86_64, r-oldrel-macos-x86_64