CRAN Package Check Results for Package lordif

Last updated on 2021-09-19 06:49:08 CEST.

Flavor Version Tinstall Tcheck Ttotal Status Flags
r-devel-linux-x86_64-debian-clang 0.3-3 14.45 135.26 149.71 OK
r-devel-linux-x86_64-debian-gcc 0.3-3 11.35 100.17 111.52 OK
r-devel-linux-x86_64-fedora-clang 0.3-3 187.78 OK
r-devel-linux-x86_64-fedora-gcc 0.3-3 172.05 OK
r-devel-windows-x86_64 0.3-3 17.00 159.00 176.00 OK
r-devel-windows-x86_64-gcc10-UCRT 0.3-3 ERROR
r-patched-linux-x86_64 0.3-3 21.74 125.17 146.91 OK
r-patched-solaris-x86 0.3-3 250.00 OK
r-release-linux-x86_64 0.3-3 14.22 124.54 138.76 OK
r-release-macos-arm64 0.3-3 OK
r-release-macos-x86_64 0.3-3 OK
r-release-windows-ix86+x86_64 0.3-3 37.00 121.00 158.00 OK
r-oldrel-macos-x86_64 0.3-3 OK
r-oldrel-windows-ix86+x86_64 0.3-3 37.00 122.00 159.00 OK

Check Details

Version: 0.3-3
Check: whether package can be installed
Result: WARN
    Found the following significant warnings:
     WARNING: installation-time patches will not be applied, could not get the patches index
Flavor: r-devel-windows-x86_64-gcc10-UCRT

Version: 0.3-3
Check: PDF version of manual
Result: WARN
    LaTeX errors when creating PDF version.
    This typically indicates Rd problems.
Flavor: r-devel-windows-x86_64-gcc10-UCRT

Version: 0.3-3
Check: PDF version of manual without hyperrefs or index
Result: ERROR
    Re-running with no redirection of stdout/stderr.
Flavor: r-devel-windows-x86_64-gcc10-UCRT