CRAN Package Check Results for Package lpSolveAPI

Last updated on 2021-09-20 07:50:43 CEST.

Flavor Version Tinstall Tcheck Ttotal Status Flags
r-devel-linux-x86_64-debian-clang 5.5.2.0-17.7 33.57 32.03 65.60 OK
r-devel-linux-x86_64-debian-gcc 5.5.2.0-17.7 24.03 24.87 48.90 OK
r-devel-linux-x86_64-fedora-clang 5.5.2.0-17.7 93.66 OK
r-devel-linux-x86_64-fedora-gcc 5.5.2.0-17.7 81.57 OK
r-devel-windows-x86_64 5.5.2.0-17.7 69.00 40.00 109.00 OK
r-devel-windows-x86_64-gcc10-UCRT 5.5.2.0-17.7 ERROR
r-patched-linux-x86_64 5.5.2.0-17.7 30.41 30.88 61.29 OK
r-patched-solaris-x86 5.5.2.0-17.7 116.60 OK
r-release-linux-x86_64 5.5.2.0-17.7 29.06 30.78 59.84 OK
r-release-macos-arm64 5.5.2.0-17.7 OK
r-release-macos-x86_64 5.5.2.0-17.7 OK
r-release-windows-ix86+x86_64 5.5.2.0-17.7 154.00 49.00 203.00 OK
r-oldrel-macos-x86_64 5.5.2.0-17.7 OK
r-oldrel-windows-ix86+x86_64 5.5.2.0-17.7 146.00 49.00 195.00 OK

Additional issues

clang-UBSAN

Check Details

Version: 5.5.2.0-17.7
Check: whether package can be installed
Result: ERROR
    Installation failed.
Flavor: r-devel-windows-x86_64-gcc10-UCRT