CRAN Package Check Results for Package lphom

Last updated on 2021-09-20 07:50:43 CEST.

Flavor Version Tinstall Tcheck Ttotal Status Flags
r-devel-linux-x86_64-debian-clang 0.3.0-7 5.54 56.74 62.28 OK
r-devel-linux-x86_64-debian-gcc 0.3.0-7 4.09 42.99 47.08 OK
r-devel-linux-x86_64-fedora-clang 0.3.0-7 84.33 OK
r-devel-linux-x86_64-fedora-gcc 0.3.0-7 73.58 OK
r-devel-windows-x86_64 0.3.0-7 8.00 66.00 74.00 OK
r-devel-windows-x86_64-gcc10-UCRT 0.3.0-7 ERROR
r-patched-linux-x86_64 0.3.0-7 6.42 53.64 60.06 OK
r-patched-solaris-x86 0.3.0-7 4.80 ERROR
r-release-linux-x86_64 0.3.0-7 5.61 54.17 59.78 OK
r-release-macos-arm64 0.3.0-7 OK
r-release-macos-x86_64 0.3.0-7 OK
r-release-windows-ix86+x86_64 0.3.0-7 11.00 59.00 70.00 OK
r-oldrel-macos-x86_64 0.3.0-7 OK
r-oldrel-windows-ix86+x86_64 0.3.0-7 12.00 82.00 94.00 OK

Check Details

Version: 0.3.0-7
Check: whether package can be installed
Result: WARN
    Found the following significant warnings:
     WARNING: installation-time patches will not be applied, could not get the patches index
Flavor: r-devel-windows-x86_64-gcc10-UCRT

Version: 0.3.0-7
Check: PDF version of manual
Result: WARN
    LaTeX errors when creating PDF version.
    This typically indicates Rd problems.
Flavor: r-devel-windows-x86_64-gcc10-UCRT

Version: 0.3.0-7
Check: PDF version of manual without hyperrefs or index
Result: ERROR
    Re-running with no redirection of stdout/stderr.
Flavor: r-devel-windows-x86_64-gcc10-UCRT

Version: 0.3.0-7
Check: package dependencies
Result: ERROR
    Package required but not available: ‘Rsymphony’
    
    See section ‘The DESCRIPTION file’ in the ‘Writing R Extensions’
    manual.
Flavor: r-patched-solaris-x86