CRAN Package Check Results for Package lslx

Last updated on 2021-09-19 06:49:08 CEST.

Flavor Version Tinstall Tcheck Ttotal Status Flags
r-devel-linux-x86_64-debian-clang 0.6.10 166.10 83.00 249.10 NOTE
r-devel-linux-x86_64-debian-gcc 0.6.10 126.86 66.75 193.61 NOTE
r-devel-linux-x86_64-fedora-clang 0.6.10 368.48 NOTE
r-devel-linux-x86_64-fedora-gcc 0.6.10 334.70 NOTE
r-devel-windows-x86_64 0.6.10 164.00 122.00 286.00 NOTE
r-devel-windows-x86_64-gcc10-UCRT 0.6.10 ERROR
r-patched-linux-x86_64 0.6.10 150.57 91.45 242.02 NOTE
r-patched-solaris-x86 0.6.10 328.90 NOTE
r-release-linux-x86_64 0.6.10 142.14 90.01 232.15 NOTE
r-release-macos-arm64 0.6.10 NOTE
r-release-macos-x86_64 0.6.10 NOTE
r-release-windows-ix86+x86_64 0.6.10 343.00 116.00 459.00 NOTE
r-oldrel-macos-x86_64 0.6.10 NOTE
r-oldrel-windows-ix86+x86_64 0.6.10 348.00 128.00 476.00 NOTE

Check Details

Version: 0.6.10
Check: LazyData
Result: NOTE
     'LazyData' is specified without a 'data' directory
Flavors: r-devel-linux-x86_64-debian-clang, r-devel-linux-x86_64-debian-gcc, r-devel-linux-x86_64-fedora-clang, r-devel-linux-x86_64-fedora-gcc, r-devel-windows-x86_64, r-patched-linux-x86_64, r-patched-solaris-x86, r-release-linux-x86_64, r-release-macos-arm64, r-release-macos-x86_64, r-release-windows-ix86+x86_64

Version: 0.6.10
Check: installed package size
Result: NOTE
     installed size is 47.4Mb
     sub-directories of 1Mb or more:
     doc 1.6Mb
     libs 45.2Mb
Flavors: r-devel-linux-x86_64-fedora-clang, r-release-macos-arm64, r-release-macos-x86_64, r-release-windows-ix86+x86_64, r-oldrel-macos-x86_64, r-oldrel-windows-ix86+x86_64

Version: 0.6.10
Check: dependencies in R code
Result: NOTE
    Namespace in Imports field not imported from: ‘lavaan’
     All declared Imports should be used.
Flavors: r-devel-linux-x86_64-fedora-clang, r-devel-linux-x86_64-fedora-gcc, r-patched-solaris-x86, r-release-macos-arm64, r-release-macos-x86_64, r-oldrel-macos-x86_64

Version: 0.6.10
Check: whether package can be installed
Result: ERROR
    Installation failed.
Flavor: r-devel-windows-x86_64-gcc10-UCRT