CRAN Package Check Results for Package malan

Last updated on 2021-10-22 12:59:19 CEST.

Flavor Version Tinstall Tcheck Ttotal Status Flags
r-devel-linux-x86_64-debian-clang 1.0.2 281.87 91.77 373.64 OK
r-devel-linux-x86_64-debian-gcc 1.0.2 215.34 69.80 285.14 OK
r-devel-linux-x86_64-fedora-clang 1.0.2 617.08 NOTE
r-devel-linux-x86_64-fedora-gcc 1.0.2 543.99 OK
r-devel-windows-x86_64 1.0.2 393.00 130.00 523.00 OK
r-devel-windows-x86_64-gcc10-UCRT 1.0.2 ERROR
r-patched-linux-x86_64 1.0.2 266.10 88.04 354.14 OK
r-patched-solaris-x86 1.0.2 469.90 OK
r-release-linux-x86_64 1.0.2 228.52 88.50 317.02 OK
r-release-macos-arm64 1.0.2 NOTE
r-release-macos-x86_64 1.0.2 NOTE
r-release-windows-ix86+x86_64 1.0.2 669.00 174.00 843.00 OK
r-oldrel-macos-x86_64 1.0.2 NOTE
r-oldrel-windows-ix86+x86_64 1.0.2 771.00 175.00 946.00 OK

Check Details

Version: 1.0.2
Check: installed package size
Result: NOTE
     installed size is 10.5Mb
     sub-directories of 1Mb or more:
     libs 9.5Mb
Flavors: r-devel-linux-x86_64-fedora-clang, r-release-macos-arm64, r-release-macos-x86_64, r-oldrel-macos-x86_64

Version: 1.0.2
Check: package dependencies
Result: ERROR
    Packages required but not available: 'tidygraph', 'igraph'
    
    Package suggested but not available for checking: 'ggraph'
    
    See section 'The DESCRIPTION file' in the 'Writing R Extensions'
    manual.
Flavor: r-devel-windows-x86_64-gcc10-UCRT