CRAN Package Check Results for Package manhattanly

Last updated on 2021-11-27 07:49:54 CET.

Flavor Version Tinstall Tcheck Ttotal Status Flags
r-devel-linux-x86_64-debian-clang 0.3.0 OK
r-devel-linux-x86_64-debian-gcc 0.3.0 2.66 26.40 29.06 OK
r-devel-linux-x86_64-fedora-clang 0.3.0 55.92 NOTE
r-devel-linux-x86_64-fedora-gcc 0.3.0 45.54 NOTE
r-devel-windows-x86_64-new-UL 0.3.0 10.00 75.00 85.00 OK
r-devel-windows-x86_64-new-TK 0.3.0 NOTE
r-devel-windows-x86_64-old 0.3.0 5.00 55.00 60.00 OK
r-patched-linux-x86_64 0.3.0 7.54 32.36 39.90 OK
r-patched-solaris-x86 0.3.0 64.90 NOTE
r-release-linux-x86_64 0.3.0 OK
r-release-macos-arm64 0.3.0 NOTE
r-release-macos-x86_64 0.3.0 NOTE
r-release-windows-ix86+x86_64 0.3.0 8.00 43.00 51.00 OK
r-oldrel-macos-x86_64 0.3.0 NOTE
r-oldrel-windows-ix86+x86_64 0.3.0 8.00 53.00 61.00 OK

Check Details

Version: 0.3.0
Check: dependencies in R code
Result: NOTE
    Namespace in Imports field not imported from: ‘ggplot2’
     All declared Imports should be used.
Flavors: r-devel-linux-x86_64-fedora-clang, r-devel-linux-x86_64-fedora-gcc, r-devel-windows-x86_64-new-TK, r-patched-solaris-x86, r-release-macos-arm64, r-release-macos-x86_64, r-oldrel-macos-x86_64