CRAN Package Check Results for Package mappoly

Last updated on 2021-10-22 12:59:19 CEST.

Flavor Version Tinstall Tcheck Ttotal Status Flags
r-devel-linux-x86_64-debian-clang 0.2.3 162.16 356.04 518.20 OK
r-devel-linux-x86_64-debian-gcc 0.2.3 115.49 263.78 379.27 OK
r-devel-linux-x86_64-fedora-clang 0.2.3 715.68 NOTE
r-devel-linux-x86_64-fedora-gcc 0.2.3 685.41 OK
r-devel-windows-x86_64 0.2.3 199.00 437.00 636.00 NOTE
r-devel-windows-x86_64-gcc10-UCRT 0.2.3 OK
r-patched-linux-x86_64 0.2.3 110.67 341.77 452.44 OK
r-patched-solaris-x86 0.2.3 897.00 NOTE
r-release-linux-x86_64 0.2.3 112.61 338.61 451.22 OK
r-release-macos-arm64 0.2.3 NOTE
r-release-macos-x86_64 0.2.3 NOTE
r-release-windows-ix86+x86_64 0.2.3 341.00 744.00 1085.00 NOTE
r-oldrel-macos-x86_64 0.2.3 NOTE
r-oldrel-windows-ix86+x86_64 0.2.3 356.00 709.00 1065.00 NOTE

Check Details

Version: 0.2.3
Check: installed package size
Result: NOTE
     installed size is 9.9Mb
     sub-directories of 1Mb or more:
     R 2.6Mb
     data 2.4Mb
     libs 4.5Mb
Flavors: r-devel-linux-x86_64-fedora-clang, r-devel-windows-x86_64, r-patched-solaris-x86, r-release-macos-arm64, r-release-macos-x86_64, r-release-windows-ix86+x86_64, r-oldrel-macos-x86_64, r-oldrel-windows-ix86+x86_64