CRAN Package Check Results for Package margins

Last updated on 2021-09-21 06:48:33 CEST.

Flavor Version Tinstall Tcheck Ttotal Status Flags
r-devel-linux-x86_64-debian-clang 0.3.26 5.47 218.90 224.37 OK
r-devel-linux-x86_64-debian-gcc 0.3.26 4.74 155.99 160.73 OK
r-devel-linux-x86_64-fedora-clang 0.3.26 261.00 OK
r-devel-linux-x86_64-fedora-gcc 0.3.26 255.60 OK
r-devel-windows-x86_64 0.3.26 7.00 190.00 197.00 OK
r-devel-windows-x86_64-gcc10-UCRT 0.3.26 ERROR
r-patched-linux-x86_64 0.3.26 8.25 203.85 212.10 OK
r-patched-solaris-x86 0.3.26 316.20 OK
r-release-linux-x86_64 0.3.26 5.73 206.50 212.23 OK
r-release-macos-arm64 0.3.26 OK
r-release-macos-x86_64 0.3.26 OK
r-release-windows-ix86+x86_64 0.3.26 12.00 179.00 191.00 OK
r-oldrel-macos-x86_64 0.3.26 OK
r-oldrel-windows-ix86+x86_64 0.3.26 11.00 179.00 190.00 OK

Check Details

Version: 0.3.26
Check: whether package can be installed
Result: WARN
    Found the following significant warnings:
     WARNING: installation-time patches will not be applied, could not get the patches index
Flavor: r-devel-windows-x86_64-gcc10-UCRT

Version: 0.3.26
Check: PDF version of manual
Result: WARN
    LaTeX errors when creating PDF version.
    This typically indicates Rd problems.
Flavor: r-devel-windows-x86_64-gcc10-UCRT

Version: 0.3.26
Check: PDF version of manual without hyperrefs or index
Result: ERROR
    Re-running with no redirection of stdout/stderr.
Flavor: r-devel-windows-x86_64-gcc10-UCRT