CRAN Package Check Results for Package mathjaxr

Last updated on 2021-09-21 06:48:33 CEST.

Flavor Version Tinstall Tcheck Ttotal Status Flags
r-devel-linux-x86_64-debian-clang 1.4-0 2.24 22.95 25.19 OK
r-devel-linux-x86_64-debian-gcc 1.4-0 1.82 18.12 19.94 OK
r-devel-linux-x86_64-fedora-clang 1.4-0 65.51 OK
r-devel-linux-x86_64-fedora-gcc 1.4-0 55.15 OK
r-devel-windows-x86_64 1.4-0 6.00 30.00 36.00 OK
r-devel-windows-x86_64-gcc10-UCRT 1.4-0 ERROR
r-patched-linux-x86_64 1.4-0 2.31 22.03 24.34 OK
r-patched-solaris-x86 1.4-0 64.10 OK
r-release-linux-x86_64 1.4-0 2.22 22.20 24.42 OK
r-release-macos-arm64 1.4-0 OK
r-release-macos-x86_64 1.4-0 OK
r-release-windows-ix86+x86_64 1.4-0 8.00 30.00 38.00 OK
r-oldrel-macos-x86_64 1.4-0 OK
r-oldrel-windows-ix86+x86_64 1.4-0 7.00 30.00 37.00 OK

Check Details

Version: 1.4-0
Check: whether package can be installed
Result: ERROR
    Installation failed.
Flavor: r-devel-windows-x86_64-gcc10-UCRT