CRAN Package Check Results for Package mcmcsae

Last updated on 2021-09-20 07:50:44 CEST.

Flavor Version Tinstall Tcheck Ttotal Status Flags
r-devel-linux-x86_64-debian-clang 0.6.0 100.05 261.15 361.20 OK
r-devel-linux-x86_64-debian-gcc 0.6.0 78.57 193.36 271.93 OK
r-devel-linux-x86_64-fedora-clang 0.6.0 464.67 NOTE
r-devel-linux-x86_64-fedora-gcc 0.6.0 443.77 OK
r-devel-windows-x86_64 0.6.0 98.00 260.00 358.00 OK
r-devel-windows-x86_64-gcc10-UCRT 0.6.0 ERROR
r-patched-linux-x86_64 0.6.0 90.58 259.19 349.77 OK
r-patched-solaris-x86 0.6.0 420.40 OK
r-release-linux-x86_64 0.6.0 90.53 258.50 349.03 OK
r-release-macos-arm64 0.6.0 NOTE
r-release-macos-x86_64 0.6.0 NOTE
r-release-windows-ix86+x86_64 0.6.0 231.00 329.00 560.00 OK
r-oldrel-macos-x86_64 0.6.0 NOTE
r-oldrel-windows-ix86+x86_64 0.6.0 221.00 329.00 550.00 OK

Check Details

Version: 0.6.0
Check: installed package size
Result: NOTE
     installed size is 12.7Mb
     sub-directories of 1Mb or more:
     libs 11.3Mb
Flavors: r-devel-linux-x86_64-fedora-clang, r-release-macos-arm64, r-release-macos-x86_64, r-oldrel-macos-x86_64

Version: 0.6.0
Check: whether package can be installed
Result: ERROR
    Installation failed.
Flavor: r-devel-windows-x86_64-gcc10-UCRT