Last updated on 2023-06-01 02:53:53 CEST.
Flavor | Version | Tinstall | Tcheck | Ttotal | Status | Flags |
---|---|---|---|---|---|---|
r-devel-linux-x86_64-debian-clang | 0.3.2 | 2.47 | 88.68 | 91.15 | NOTE | |
r-devel-linux-x86_64-debian-gcc | 0.3.2 | 2.12 | 64.46 | 66.58 | NOTE | |
r-devel-linux-x86_64-fedora-clang | 0.3.2 | 111.25 | NOTE | |||
r-devel-linux-x86_64-fedora-gcc | 0.3.2 | 118.05 | NOTE | |||
r-devel-windows-x86_64 | 0.3.2 | 5.00 | 84.00 | 89.00 | NOTE | |
r-patched-linux-x86_64 | 0.3.2 | NOTE | ||||
r-release-linux-x86_64 | 0.3.2 | 1.72 | 85.07 | 86.79 | NOTE | |
r-release-macos-arm64 | 0.3.2 | 46.00 | NOTE | |||
r-release-macos-x86_64 | 0.3.2 | 72.00 | NOTE | |||
r-release-windows-x86_64 | 0.3.2 | 4.00 | 98.00 | 102.00 | NOTE | |
r-oldrel-macos-arm64 | 0.3.2 | 35.00 | OK | |||
r-oldrel-macos-x86_64 | 0.3.2 | 69.00 | OK | |||
r-oldrel-windows-x86_64 | 0.3.2 | 5.00 | 101.00 | 106.00 | OK |
Version: 0.3.2
Check: package subdirectories
Result: NOTE
Problems with news in ‘NEWS.md’:
Cannot extract version info from the following section titles:
Initial version.
Flavors: r-devel-linux-x86_64-debian-clang, r-devel-linux-x86_64-debian-gcc, r-devel-linux-x86_64-fedora-clang, r-devel-linux-x86_64-fedora-gcc, r-devel-windows-x86_64, r-patched-linux-x86_64, r-release-linux-x86_64, r-release-macos-arm64, r-release-macos-x86_64, r-release-windows-x86_64