CRAN Package Check Results for Package mdmb

Last updated on 2021-09-21 06:48:33 CEST.

Flavor Version Tinstall Tcheck Ttotal Status Flags
r-devel-linux-x86_64-debian-clang 1.5-8 75.59 85.94 161.53 OK
r-devel-linux-x86_64-debian-gcc 1.5-8 50.31 64.90 115.21 OK
r-devel-linux-x86_64-fedora-clang 1.5-8 220.48 OK
r-devel-linux-x86_64-fedora-gcc 1.5-8 191.62 OK
r-devel-windows-x86_64 1.5-8 71.00 83.00 154.00 OK
r-devel-windows-x86_64-gcc10-UCRT 1.5-8 ERROR
r-patched-linux-x86_64 1.5-8 63.04 79.67 142.71 OK
r-patched-solaris-x86 1.5-8 212.30 OK
r-release-linux-x86_64 1.5-8 62.81 79.86 142.67 OK
r-release-macos-arm64 1.5-8 NOTE
r-release-macos-x86_64 1.5-8 OK
r-release-windows-ix86+x86_64 1.5-8 182.00 107.00 289.00 OK
r-oldrel-macos-x86_64 1.5-8 OK
r-oldrel-windows-ix86+x86_64 1.5-8 181.00 113.00 294.00 OK

Check Details

Version: 1.5-8
Check: whether package can be installed
Result: ERROR
    Installation failed.
Flavor: r-devel-windows-x86_64-gcc10-UCRT

Version: 1.5-8
Check: package dependencies
Result: NOTE
    Package which this enhances but not available for checking: ‘JointAI’
Flavor: r-release-macos-arm64