Last updated on 2025-06-19 01:49:16 CEST.
Flavor | Version | Tinstall | Tcheck | Ttotal | Status | Flags |
---|---|---|---|---|---|---|
r-devel-linux-x86_64-debian-clang | 0.6-10 | 9.01 | 87.63 | 96.64 | NOTE | |
r-devel-linux-x86_64-debian-gcc | 0.6-10 | 6.11 | 66.14 | 72.25 | NOTE | |
r-devel-linux-x86_64-fedora-clang | 0.6-10 | 149.52 | OK | |||
r-devel-linux-x86_64-fedora-gcc | 0.6-10 | 162.82 | OK | |||
r-devel-windows-x86_64 | 0.6-10 | 10.00 | 130.00 | 140.00 | NOTE | |
r-patched-linux-x86_64 | 0.6-10 | 9.32 | 83.07 | 92.39 | NOTE | |
r-release-linux-x86_64 | 0.6-10 | 8.34 | 84.38 | 92.72 | NOTE | |
r-release-macos-arm64 | 0.6-10 | 52.00 | OK | |||
r-release-macos-x86_64 | 0.6-10 | 102.00 | OK | |||
r-release-windows-x86_64 | 0.6-10 | 10.00 | 131.00 | 141.00 | NOTE | |
r-oldrel-macos-arm64 | 0.6-10 | 53.00 | OK | |||
r-oldrel-macos-x86_64 | 0.6-10 | 87.00 | OK | |||
r-oldrel-windows-x86_64 | 0.6-10 | 14.00 | 147.00 | 161.00 | OK |
Version: 0.6-10
Check: Rd cross-references
Result: NOTE
Found the following Rd file(s) with Rd \link{} targets missing package
anchors:
neLht-methods.Rd: coef.glht
neLht.Rd: coef.glht
Please provide package anchors for all Rd \link{} targets not in the
package itself and the base packages.
Flavors: r-devel-linux-x86_64-debian-clang, r-devel-linux-x86_64-debian-gcc, r-devel-windows-x86_64, r-patched-linux-x86_64, r-release-linux-x86_64, r-release-windows-x86_64