CRAN Package Check Results for Package mefa4

Last updated on 2024-07-19 00:53:23 CEST.

Flavor Version Tinstall Tcheck Ttotal Status Flags
r-devel-linux-x86_64-debian-clang 0.3-11 9.65 93.90 103.55 OK
r-devel-linux-x86_64-debian-gcc 0.3-11 6.54 72.39 78.93 OK
r-devel-linux-x86_64-fedora-clang 0.3-11 132.12 OK
r-devel-linux-x86_64-fedora-gcc 0.3-11 134.53 OK
r-devel-windows-x86_64 0.3-11 9.00 89.00 98.00 NOTE
r-patched-linux-x86_64 0.3-11 12.06 89.21 101.27 OK
r-release-linux-x86_64 0.3-11 10.57 91.28 101.85 OK
r-release-macos-arm64 0.3-11 43.00 OK
r-release-macos-x86_64 0.3-11 61.00 OK
r-release-windows-x86_64 0.3-11 9.00 89.00 98.00 OK
r-oldrel-macos-arm64 0.3-11 60.00 OK
r-oldrel-macos-x86_64 0.3-11 130.00 OK
r-oldrel-windows-x86_64 0.3-11 9.00 106.00 115.00 OK

Check Details

Version: 0.3-11
Check: Rd cross-references
Result: NOTE Found the following Rd file(s) with Rd \link{} targets missing package anchors: Xtab.Rd: sparseMatrix Please provide package anchors for all Rd \link{} targets not in the package itself and the base packages. Flavor: r-devel-windows-x86_64