CRAN Package Check Results for Package memapp

Last updated on 2021-11-27 09:52:32 CET.

Flavor Version Tinstall Tcheck Ttotal Status Flags
r-devel-linux-x86_64-debian-clang 2.14 OK
r-devel-linux-x86_64-debian-gcc 2.14 2.74 25.74 28.48 OK
r-devel-linux-x86_64-fedora-clang 2.14 54.66 NOTE
r-devel-linux-x86_64-fedora-gcc 2.14 43.09 NOTE
r-devel-windows-x86_64-new-UL 2.14 11.00 73.00 84.00 OK
r-devel-windows-x86_64-new-TK 2.14 NOTE
r-devel-windows-x86_64-old 2.14 6.00 60.00 66.00 OK
r-patched-linux-x86_64 2.14 3.25 30.76 34.01 OK
r-patched-solaris-x86 2.14 69.00 NOTE
r-release-linux-x86_64 2.14 OK
r-release-macos-arm64 2.14 NOTE
r-release-macos-x86_64 2.14 NOTE
r-release-windows-ix86+x86_64 2.14 12.00 39.00 51.00 OK
r-oldrel-macos-x86_64 2.14 NOTE
r-oldrel-windows-ix86+x86_64 2.14 10.00 55.00 65.00 OK

Check Details

Version: 2.14
Check: package dependencies
Result: NOTE
    Imports includes 21 non-default packages.
    Importing from so many packages makes the package vulnerable to any of
    them becoming unavailable. Move as many as possible to Suggests and
    use conditionally.
Flavor: r-devel-linux-x86_64-fedora-clang

Version: 2.14
Check: dependencies in R code
Result: NOTE
    Namespaces in Imports field not imported from:
     ‘DT’ ‘RColorBrewer’ ‘RODBC’ ‘dplyr’ ‘foreign’ ‘formattable’ ‘ggplot2’
     ‘haven’ ‘mem’ ‘openxlsx’ ‘plotly’ ‘readxl’ ‘shinyBS’ ‘shinyWidgets’
     ‘shinydashboard’ ‘shinyjs’ ‘shinythemes’ ‘stringi’ ‘stringr’ ‘tidyr’
     All declared Imports should be used.
Flavors: r-devel-linux-x86_64-fedora-clang, r-devel-linux-x86_64-fedora-gcc, r-devel-windows-x86_64-new-TK, r-patched-solaris-x86, r-release-macos-arm64, r-release-macos-x86_64, r-oldrel-macos-x86_64