CRAN Package Check Results for Package metaplot

Last updated on 2023-03-21 01:49:58 CET.

Flavor Version Tinstall Tcheck Ttotal Status Flags
r-devel-linux-x86_64-debian-clang 0.8.3 NOTE
r-devel-linux-x86_64-debian-gcc 0.8.3 8.13 83.82 91.95 NOTE
r-devel-linux-x86_64-fedora-clang 0.8.3 146.63 NOTE
r-devel-linux-x86_64-fedora-gcc 0.8.3 141.58 NOTE
r-patched-linux-x86_64 0.8.3 12.54 104.76 117.30 NOTE
r-release-linux-x86_64 0.8.3 8.71 103.08 111.79 NOTE
r-release-macos-arm64 0.8.3 39.00 NOTE
r-release-macos-x86_64 0.8.3 68.00 NOTE
r-release-windows-x86_64 0.8.3 46.00 135.00 181.00 NOTE
r-oldrel-macos-arm64 0.8.3 43.00 NOTE
r-oldrel-macos-x86_64 0.8.3 76.00 NOTE
r-oldrel-windows-ix86+x86_64 0.8.3 21.00 135.00 156.00 NOTE

Check Details

Version: 0.8.3
Check: LazyData
Result: NOTE
     'LazyData' is specified without a 'data' directory
Flavors: r-devel-linux-x86_64-debian-clang, r-devel-linux-x86_64-debian-gcc, r-devel-linux-x86_64-fedora-clang, r-devel-linux-x86_64-fedora-gcc, r-patched-linux-x86_64, r-release-linux-x86_64, r-release-macos-arm64, r-release-macos-x86_64, r-release-windows-x86_64, r-oldrel-macos-arm64, r-oldrel-macos-x86_64, r-oldrel-windows-ix86+x86_64