CRAN Package Check Results for Package meteoForecast

Last updated on 2022-01-18 07:52:31 CET.

Flavor Version Tinstall Tcheck Ttotal Status Flags
r-devel-linux-x86_64-debian-clang 0.54 24.61 230.65 255.26 NOTE
r-devel-linux-x86_64-debian-gcc 0.54 22.37 171.48 193.85 NOTE
r-devel-linux-x86_64-fedora-clang 0.54 306.85 NOTE
r-devel-linux-x86_64-fedora-gcc 0.54 295.85 NOTE
r-devel-windows-x86_64-new-UL 0.54 72.00 216.00 288.00 NOTE
r-devel-windows-x86_64-new-TK 0.54 NOTE
r-patched-linux-x86_64 0.54 30.29 222.53 252.82 NOTE
r-release-linux-x86_64 0.54 NOTE
r-release-macos-arm64 0.54 NOTE
r-release-macos-x86_64 0.54 NOTE
r-release-windows-ix86+x86_64 0.54 53.00 230.00 283.00 NOTE
r-oldrel-macos-x86_64 0.54 OK
r-oldrel-windows-ix86+x86_64 0.54 56.00 244.00 300.00 OK

Check Details

Version: 0.54
Check: LazyData
Result: NOTE
     'LazyData' is specified without a 'data' directory
Flavors: r-devel-linux-x86_64-debian-clang, r-devel-linux-x86_64-debian-gcc, r-devel-linux-x86_64-fedora-clang, r-devel-linux-x86_64-fedora-gcc, r-devel-windows-x86_64-new-UL, r-devel-windows-x86_64-new-TK, r-patched-linux-x86_64, r-release-linux-x86_64, r-release-macos-arm64, r-release-macos-x86_64, r-release-windows-ix86+x86_64