CRAN Package Check Results for Package mets

Last updated on 2021-09-21 06:48:34 CEST.

Flavor Version Tinstall Tcheck Ttotal Status Flags
r-devel-linux-x86_64-debian-clang 1.2.9 369.45 520.10 889.55 OK
r-devel-linux-x86_64-debian-gcc 1.2.9 262.53 385.28 647.81 OK
r-devel-linux-x86_64-fedora-clang 1.2.9 1159.70 NOTE
r-devel-linux-x86_64-fedora-gcc 1.2.9 1087.65 OK
r-devel-windows-x86_64 1.2.9 319.00 575.00 894.00 NOTE
r-devel-windows-x86_64-gcc10-UCRT 1.2.9 ERROR
r-patched-linux-x86_64 1.2.9 306.37 524.41 830.78 OK
r-patched-solaris-x86 1.2.9 1261.40 NOTE
r-release-linux-x86_64 1.2.9 306.07 526.68 832.75 OK
r-release-macos-arm64 1.2.9 NOTE
r-release-macos-x86_64 1.2.9 NOTE
r-release-windows-ix86+x86_64 1.2.9 774.00 620.00 1394.00 NOTE
r-oldrel-macos-x86_64 1.2.9 NOTE
r-oldrel-windows-ix86+x86_64 1.2.9 773.00 608.00 1381.00 NOTE

Check Details

Version: 1.2.9
Check: installed package size
Result: NOTE
     installed size is 29.0Mb
     sub-directories of 1Mb or more:
     R 1.5Mb
     data 2.8Mb
     doc 4.1Mb
     libs 19.7Mb
Flavors: r-devel-linux-x86_64-fedora-clang, r-devel-windows-x86_64, r-patched-solaris-x86, r-release-macos-arm64, r-release-macos-x86_64, r-release-windows-ix86+x86_64, r-oldrel-macos-x86_64, r-oldrel-windows-ix86+x86_64

Version: 1.2.9
Check: whether package can be installed
Result: ERROR
    Installation failed.
Flavor: r-devel-windows-x86_64-gcc10-UCRT