CRAN Package Check Results for Package miRecSurv

Last updated on 2021-09-20 07:50:45 CEST.

Flavor Version Tinstall Tcheck Ttotal Status Flags
r-devel-linux-x86_64-debian-clang 1.0.2 7.35 74.03 81.38 OK
r-devel-linux-x86_64-debian-gcc 1.0.2 6.61 55.87 62.48 OK
r-devel-linux-x86_64-fedora-clang 1.0.2 107.48 OK
r-devel-linux-x86_64-fedora-gcc 1.0.2 94.22 OK
r-devel-windows-x86_64 1.0.2 9.00 72.00 81.00 OK
r-devel-windows-x86_64-gcc10-UCRT 1.0.2 ERROR
r-patched-linux-x86_64 1.0.2 8.08 71.09 79.17 OK
r-patched-solaris-x86 1.0.2 146.50 OK
r-release-linux-x86_64 1.0.2 7.65 70.75 78.40 OK
r-release-macos-arm64 1.0.2 OK
r-release-macos-x86_64 1.0.2 OK
r-release-windows-ix86+x86_64 1.0.2 18.00 69.00 87.00 OK
r-oldrel-macos-x86_64 1.0.2 OK
r-oldrel-windows-ix86+x86_64 1.0.2 17.00 71.00 88.00 OK

Check Details

Version: 1.0.2
Check: whether package can be installed
Result: WARN
    Found the following significant warnings:
     WARNING: installation-time patches will not be applied, could not get the patches index
Flavor: r-devel-windows-x86_64-gcc10-UCRT

Version: 1.0.2
Check: PDF version of manual
Result: WARN
    LaTeX errors when creating PDF version.
    This typically indicates Rd problems.
Flavor: r-devel-windows-x86_64-gcc10-UCRT

Version: 1.0.2
Check: PDF version of manual without hyperrefs or index
Result: ERROR
    Re-running with no redirection of stdout/stderr.
Flavor: r-devel-windows-x86_64-gcc10-UCRT