CRAN Package Check Results for Package miWQS

Last updated on 2021-09-21 06:48:35 CEST.

Flavor Version Tinstall Tcheck Ttotal Status Flags
r-devel-linux-x86_64-debian-clang 0.4.4 18.12 167.29 185.41 OK
r-devel-linux-x86_64-debian-gcc 0.4.4 12.12 129.16 141.28 OK
r-devel-linux-x86_64-fedora-clang 0.4.4 243.32 NOTE
r-devel-linux-x86_64-fedora-gcc 0.4.4 226.97 NOTE
r-devel-windows-x86_64 0.4.4 18.00 170.00 188.00 OK
r-devel-windows-x86_64-gcc10-UCRT 0.4.4 ERROR
r-patched-linux-x86_64 0.4.4 21.28 157.35 178.63 OK
r-patched-solaris-x86 0.4.4 291.00 OK
r-release-linux-x86_64 0.4.4 13.88 157.21 171.09 OK
r-release-macos-arm64 0.4.4 OK
r-release-macos-x86_64 0.4.4 OK
r-release-windows-ix86+x86_64 0.4.4 37.00 150.00 187.00 OK
r-oldrel-macos-x86_64 0.4.4 OK
r-oldrel-windows-ix86+x86_64 0.4.4 38.00 149.00 187.00 OK

Check Details

Version: 0.4.4
Check: for detritus in the temp directory
Result: NOTE
    Found the following files/directories:
     ‘par-7269706c6579’
Flavors: r-devel-linux-x86_64-fedora-clang, r-devel-linux-x86_64-fedora-gcc

Version: 0.4.4
Check: package dependencies
Result: ERROR
    Package required but not available: 'rlist'
    
    See section 'The DESCRIPTION file' in the 'Writing R Extensions'
    manual.
Flavor: r-devel-windows-x86_64-gcc10-UCRT