CRAN Package Check Results for Package micEconSNQP

Last updated on 2021-09-20 07:50:45 CEST.

Flavor Version Tinstall Tcheck Ttotal Status Flags
r-devel-linux-x86_64-debian-clang 0.6-8 12.06 100.69 112.75 OK
r-devel-linux-x86_64-debian-gcc 0.6-8 9.31 75.23 84.54 OK
r-devel-linux-x86_64-fedora-clang 0.6-8 145.26 OK
r-devel-linux-x86_64-fedora-gcc 0.6-8 127.63 OK
r-devel-windows-x86_64 0.6-8 13.00 97.00 110.00 OK
r-devel-windows-x86_64-gcc10-UCRT 0.6-8 ERROR
r-patched-linux-x86_64 0.6-8 10.16 95.75 105.91 OK
r-patched-solaris-x86 0.6-8 189.90 OK
r-release-linux-x86_64 0.6-8 10.50 94.82 105.32 OK
r-release-macos-arm64 0.6-8 OK
r-release-macos-x86_64 0.6-8 OK
r-release-windows-ix86+x86_64 0.6-8 29.00 89.00 118.00 OK
r-oldrel-macos-x86_64 0.6-8 OK
r-oldrel-windows-ix86+x86_64 0.6-8 28.00 92.00 120.00 OK

Check Details

Version: 0.6-8
Check: whether package can be installed
Result: WARN
    Found the following significant warnings:
     WARNING: installation-time patches will not be applied, could not get the patches index
Flavor: r-devel-windows-x86_64-gcc10-UCRT

Version: 0.6-8
Check: PDF version of manual
Result: WARN
    LaTeX errors when creating PDF version.
    This typically indicates Rd problems.
Flavor: r-devel-windows-x86_64-gcc10-UCRT

Version: 0.6-8
Check: PDF version of manual without hyperrefs or index
Result: ERROR
    Re-running with no redirection of stdout/stderr.
Flavor: r-devel-windows-x86_64-gcc10-UCRT