CRAN Package Check Results for Package microsamplingDesign

Last updated on 2023-05-28 01:54:02 CEST.

Flavor Version Tinstall Tcheck Ttotal Status Flags
r-devel-linux-x86_64-debian-clang 1.0.8 42.09 315.93 358.02 NOTE
r-devel-linux-x86_64-debian-gcc 1.0.8 33.23 223.75 256.98 NOTE
r-devel-linux-x86_64-fedora-clang 1.0.8 437.67 NOTE
r-devel-linux-x86_64-fedora-gcc 1.0.8 448.28 NOTE
r-devel-windows-x86_64 1.0.8 36.00 251.00 287.00 NOTE
r-patched-linux-x86_64 1.0.8 36.01 292.01 328.02 NOTE
r-release-linux-x86_64 1.0.8 29.91 293.98 323.89 NOTE
r-release-macos-arm64 1.0.8 113.00 NOTE
r-release-macos-x86_64 1.0.8 196.00 NOTE
r-release-windows-x86_64 1.0.8 47.00 309.00 356.00 NOTE
r-oldrel-macos-arm64 1.0.8 100.00 OK
r-oldrel-macos-x86_64 1.0.8 158.00 OK
r-oldrel-windows-x86_64 1.0.8 46.00 307.00 353.00 OK

Check Details

Version: 1.0.8
Check: C++ specification
Result: NOTE
     Specified C++11: please drop specification unless essential
Flavors: r-devel-linux-x86_64-debian-clang, r-devel-linux-x86_64-debian-gcc, r-devel-linux-x86_64-fedora-clang, r-devel-linux-x86_64-fedora-gcc, r-devel-windows-x86_64, r-patched-linux-x86_64, r-release-linux-x86_64, r-release-macos-arm64, r-release-macos-x86_64, r-release-windows-x86_64