CRAN Package Check Results for Package midasr

Last updated on 2021-09-20 07:50:45 CEST.

Flavor Version Tinstall Tcheck Ttotal Status Flags
r-devel-linux-x86_64-debian-clang 0.8 44.93 216.46 261.39 OK
r-devel-linux-x86_64-debian-gcc 0.8 32.81 158.70 191.51 OK
r-devel-linux-x86_64-fedora-clang 0.8 321.07 OK
r-devel-linux-x86_64-fedora-gcc 0.8 309.81 OK
r-devel-windows-x86_64 0.8 47.00 195.00 242.00 OK
r-devel-windows-x86_64-gcc10-UCRT 0.8 ERROR
r-patched-linux-x86_64 0.8 51.48 200.60 252.08 OK
r-patched-solaris-x86 0.8 412.70 OK
r-release-linux-x86_64 0.8 39.07 201.84 240.91 OK
r-release-macos-arm64 0.8 OK
r-release-macos-x86_64 0.8 OK
r-release-windows-ix86+x86_64 0.8 77.00 175.00 252.00 OK
r-oldrel-macos-x86_64 0.8 OK
r-oldrel-windows-ix86+x86_64 0.8 82.00 188.00 270.00 OK

Check Details

Version: 0.8
Check: whether package can be installed
Result: WARN
    Found the following significant warnings:
     WARNING: installation-time patches will not be applied, could not get the patches index
Flavor: r-devel-windows-x86_64-gcc10-UCRT

Version: 0.8
Check: PDF version of manual
Result: WARN
    LaTeX errors when creating PDF version.
    This typically indicates Rd problems.
Flavor: r-devel-windows-x86_64-gcc10-UCRT

Version: 0.8
Check: PDF version of manual without hyperrefs or index
Result: ERROR
    Re-running with no redirection of stdout/stderr.
Flavor: r-devel-windows-x86_64-gcc10-UCRT