CRAN Package Check Results for Package mimi

Last updated on 2021-09-17 06:48:49 CEST.

Flavor Version Tinstall Tcheck Ttotal Status Flags
r-devel-linux-x86_64-debian-clang 0.2.0 7.09 45.27 52.36 OK
r-devel-linux-x86_64-debian-gcc 0.2.0 5.01 34.00 39.01 OK
r-devel-linux-x86_64-fedora-clang 0.2.0 70.99 NOTE
r-devel-linux-x86_64-fedora-gcc 0.2.0 57.77 NOTE
r-devel-windows-x86_64 0.2.0 23.00 65.00 88.00 OK
r-devel-windows-x86_64-gcc10-UCRT 0.2.0 NOTE
r-patched-linux-x86_64 0.2.0 7.09 43.16 50.25 OK
r-patched-solaris-x86 0.2.0 80.80 NOTE
r-release-linux-x86_64 0.2.0 6.22 42.38 48.60 OK
r-release-macos-arm64 0.2.0 NOTE
r-release-macos-x86_64 0.2.0 NOTE
r-release-windows-ix86+x86_64 0.2.0 14.00 42.00 56.00 OK
r-oldrel-macos-x86_64 0.2.0 NOTE
r-oldrel-windows-ix86+x86_64 0.2.0 22.00 55.00 77.00 OK

Check Details

Version: 0.2.0
Check: dependencies in R code
Result: NOTE
    Namespaces in Imports field not imported from:
     ‘FactoMineR’ ‘softImpute’
     All declared Imports should be used.
Flavors: r-devel-linux-x86_64-fedora-clang, r-devel-linux-x86_64-fedora-gcc, r-devel-windows-x86_64-gcc10-UCRT, r-patched-solaris-x86, r-release-macos-arm64, r-release-macos-x86_64, r-oldrel-macos-x86_64